INSERT INTO `cache_menu` (`cid`, `data`, `expire`, `created`, `serialized`) VALUES
('links:management:tree-data:en:a9eea78b0aeaddd605894be48877502635d2ae1b2a8a8d29cc1b7d377b699477', 0x[encoded data, 28612 characters], 0, 1350838927, 1);
INSERT INTO `cache_menu` (`cid`, `data`, `expire`, `created`, `serialized`) VALUES
('links:management:tree-data:en:fe9d32c80d3343fbb81f961703f2cd21cd828f5402d3f4dabcded60a24fdc37a', 0x[encoded data, 66740 characters], 0, 1350838911, 1);
INSERT INTO `cache_menu` (`cid`, `data`, `expire`, `created`, `serialized`) VALUES
('links:navigation:page:node/add/article:en:1:0:trail', 0x613a353a7b733a393a226d696e5f6465707468223b693a313b733a393a226d61785f6465707468223b4e3b733a31373a226f6e6c795f6163746976655f747261696c223b623a313b733a383a22657870616e646564223b613a333a7b693a303b693a303b693a363b733a313a2236223b693a3231393b733a333a22323139223b7d733a31323a226163746976655f747261696c223b613a333a7b693a303b693a303b693a363b733a313a2236223b693a3231393b733a333a22323139223b7d7d, 0, 1350840776, 1),
('links:navigation:page:node/add/page:en:1:0:trail', 0x613a353a7b733a393a226d696e5f6465707468223b693a313b733a393a226d61785f6465707468223b4e3b733a31373a226f6e6c795f6163746976655f747261696c223b623a313b733a383a22657870616e646564223b613a333a7b693a303b693a303b693a363b733a313a2236223b693a3232303b733a333a22323230223b7d733a31323a226163746976655f747261696c223b613a333a7b693a303b693a303b693a363b733a313a2236223b693a3232303b733a333a22323230223b7d7d, 0, 1350839427, 1),
('links:navigation:page:node/add:en:1:0:trail', 0x613a353a7b733a393a226d696e5f6465707468223b693a313b733a393a226d61785f6465707468223b4e3b733a31373a226f6e6c795f6163746976655f747261696c223b623a313b733a383a22657870616e646564223b613a323a7b693a303b693a303b693a363b733a313a2236223b7d733a31323a226163746976655f747261696c223b613a323a7b693a303b693a303b693a363b733a313a2236223b7d7d, 0, 1350839426, 1),
('links:navigation:page:node:en:1:0', 0x613a343a7b733a393a226d696e5f6465707468223b693a313b733a393a226d61785f6465707468223b4e3b733a383a22657870616e646564223b613a313a7b693a303b693a303b7d733a31323a226163746976655f747261696c223b613a313a7b693a303b693a303b7d7d, 0, 1350838927, 1),
('links:navigation:tree-data:en:4ec38d33408a4cceea3c2b7910018f6b6ad996b29549ac2a527c5de2ffca6144', 0x[encoded data, 24980 characters], 0, 1350840776, 1);
INSERT INTO `cache_menu` (`cid`, `data`, `expire`, `created`, `serialized`) VALUES
('links:navigation:tree-data:en:8425e6ce1fd18a408bd832beadae7318b7822c5aec96a381543504ca1b89b6fd', 0x[encoded data, 24980 characters], 0, 1350839427, 1),
('links:navigation:tree-data:en:9bd1605e2280833450478f9083b7f8714c2fa28f1012455e2744e5af1a13eec5', 0x[encoded data, 19246 characters], 0, 1350838927, 1);
INSERT INTO `cache_menu` (`cid`, `data`, `expire`, `created`, `serialized`) VALUES
('links:navigation:tree-data:en:c23e6c560aeaf50eff01e1f990e2ce31a69244b15effbdd58f8cbc4466320100', 0x[encoded data, 24980 characters], 0, 1350839426, 1),
('links:shortcut-set-1:page:admin/config/content/wysiwyg/profile/filtered_html/edit:en:1:0', 0x613a343a7b733a393a226d696e5f6465707468223b693a313b733a393a226d61785f6465707468223b4e3b733a383a22657870616e646564223b613a313a7b693a303b693a303b7d733a31323a226163746976655f747261696c223b613a313a7b693a303b693a303b7d7d, 0, 1350840957, 1),
('links:shortcut-set-1:page:admin/config/content/wysiwyg/profile/full_html/edit:en:1:0', 0x613a343a7b733a393a226d696e5f6465707468223b693a313b733a393a226d61785f6465707468223b4e3b733a383a22657870616e646564223b613a313a7b693a303b693a303b7d733a31323a226163746976655f747261696c223b613a313a7b693a303b693a303b7d7d, 0, 1350840671, 1),
('links:shortcut-set-1:page:admin/config/content/wysiwyg/profile/plain_text/edit:en:1:0', 0x613a343a7b733a393a226d696e5f6465707468223b693a313b733a393a226d61785f6465707468223b4e3b733a383a22657870616e646564223b613a313a7b693a303b693a303b7d733a31323a226163746976655f747261696c223b613a313a7b693a303b693a303b7d7d, 0, 1350840754, 1),
('links:shortcut-set-1:page:admin/config/content/wysiwyg:en:1:0', 0x613a343a7b733a393a226d696e5f6465707468223b693a313b733a393a226d61785f6465707468223b4e3b733a383a22657870616e646564223b613a313a7b693a303b693a303b7d733a31323a226163746976655f747261696c223b613a313a7b693a303b693a303b7d7d, 0, 1350840473, 1),
('links:shortcut-set-1:page:admin/modules/list/confirm:en:1:0', 0x613a343a7b733a393a226d696e5f6465707468223b693a313b733a393a226d61785f6465707468223b4e3b733a383a22657870616e646564223b613a313a7b693a303b693a303b7d733a31323a226163746976655f747261696c223b613a313a7b693a303b693a303b7d7d, 0, 1350838894, 1),
('links:shortcut-set-1:page:node:en:1:0', 0x613a343a7b733a393a226d696e5f6465707468223b693a313b733a393a226d61785f6465707468223b4e3b733a383a22657870616e646564223b613a313a7b693a303b693a303b7d733a31323a226163746976655f747261696c223b613a313a7b693a303b693a303b7d7d, 0, 1350838927, 1),
('links:shortcut-set-1:page:overlay-ajax/page_top:en:1:0', 0x613a343a7b733a393a226d696e5f6465707468223b693a313b733a393a226d61785f6465707468223b4e3b733a383a22657870616e646564223b613a313a7b693a303b693a303b7d733a31323a226163746976655f747261696c223b613a313a7b693a303b693a303b7d7d, 0, 1350840672, 1),
('links:shortcut-set-1:tree-data:en:9bd1605e2280833450478f9083b7f8714c2fa28f1012455e2744e5af1a13eec5', 0x[encoded data, 4940 characters], 0, 1350838894, 1),
('links:user-menu:page:admin/config/content/wysiwyg/profile/filtered_html/edit:en:1:1', 0x613a343a7b733a393a226d696e5f6465707468223b693a313b733a393a226d61785f6465707468223b693a313b733a383a22657870616e646564223b613a313a7b693a303b693a303b7d733a31323a226163746976655f747261696c223b613a313a7b693a303b693a303b7d7d, 0, 1350840530, 1),
('links:user-menu:page:admin/config/content/wysiwyg/profile/full_html/delete:en:1:1', 0x613a343a7b733a393a226d696e5f6465707468223b693a313b733a393a226d61785f6465707468223b693a313b733a383a22657870616e646564223b613a313a7b693a303b693a303b7d733a31323a226163746976655f747261696c223b613a313a7b693a303b693a303b7d7d, 0, 1350840729, 1),
('links:user-menu:page:admin/config/content/wysiwyg/profile/full_html/edit:en:1:1', 0x613a343a7b733a393a226d696e5f6465707468223b693a313b733a393a226d61785f6465707468223b693a313b733a383a22657870616e646564223b613a313a7b693a303b693a303b7d733a31323a226163746976655f747261696c223b613a313a7b693a303b693a303b7d7d, 0, 1350840614, 1),
('links:user-menu:page:admin/config/content/wysiwyg/profile/plain_text/edit:en:1:1', 0x613a343a7b733a393a226d696e5f6465707468223b693a313b733a393a226d61785f6465707468223b693a313b733a383a22657870616e646564223b613a313a7b693a303b693a303b7d733a31323a226163746976655f747261696c223b613a313a7b693a303b693a303b7d7d, 0, 1350840744, 1),
('links:user-menu:page:admin/config/content/wysiwyg:en:1:1', 0x613a343a7b733a393a226d696e5f6465707468223b693a313b733a393a226d61785f6465707468223b693a313b733a383a22657870616e646564223b613a313a7b693a303b693a303b7d733a31323a226163746976655f747261696c223b613a313a7b693a303b693a303b7d7d, 0, 1350838911, 1),
('links:user-menu:page:admin/config:en:1:1', 0x613a343a7b733a393a226d696e5f6465707468223b693a313b733a393a226d61785f6465707468223b693a313b733a383a22657870616e646564223b613a313a7b693a303b693a303b7d733a31323a226163746976655f747261696c223b613a313a7b693a303b693a303b7d7d, 0, 1350839049, 1),
('links:user-menu:page:admin/content:en:1:1', 0x613a343a7b733a393a226d696e5f6465707468223b693a313b733a393a226d61785f6465707468223b693a313b733a383a22657870616e646564223b613a313a7b693a303b693a303b7d733a31323a226163746976655f747261696c223b613a313a7b693a303b693a303b7d7d, 0, 1350839419, 1),
('links:user-menu:page:admin/modules:en:1:1', 0x613a343a7b733a393a226d696e5f6465707468223b693a313b733a393a226d61785f6465707468223b693a313b733a383a22657870616e646564223b613a313a7b693a303b693a303b7d733a31323a226163746976655f747261696c223b613a313a7b693a303b693a303b7d7d, 0, 1350838895, 1),
('links:user-menu:page:node/add/article:en:1:1', 0x613a343a7b733a393a226d696e5f6465707468223b693a313b733a393a226d61785f6465707468223b693a313b733a383a22657870616e646564223b613a313a7b693a303b693a303b7d733a31323a226163746976655f747261696c223b613a313a7b693a303b693a303b7d7d, 0, 1350840776, 1),
('links:user-menu:page:node/add/page:en:1:1', 0x613a343a7b733a393a226d696e5f6465707468223b693a313b733a393a226d61785f6465707468223b693a313b733a383a22657870616e646564223b613a313a7b693a303b693a303b7d733a31323a226163746976655f747261696c223b613a313a7b693a303b693a303b7d7d, 0, 1350839427, 1),
('links:user-menu:page:node/add:en:1:1', 0x613a343a7b733a393a226d696e5f6465707468223b693a313b733a393a226d61785f6465707468223b693a313b733a383a22657870616e646564223b613a313a7b693a303b693a303b7d733a31323a226163746976655f747261696c223b613a313a7b693a303b693a303b7d7d, 0, 1350839426, 1),
('links:user-menu:page:node:en:1:1', 0x613a343a7b733a393a226d696e5f6465707468223b693a313b733a393a226d61785f6465707468223b693a313b733a383a22657870616e646564223b613a313a7b693a303b693a303b7d733a31323a226163746976655f747261696c223b613a313a7b693a303b693a303b7d7d, 0, 1350838927, 1),
('links:user-menu:tree-data:en:9ec01ec58bf82a695e4acd636af283e0585fe8cd8a6e54eb140188a3e284ab1c', 0x[encoded data, 4686 characters], 0, 1350838895, 1),
('menu_custom', 0x613a343a7b733a393a226d61696e2d6d656e75223b613a333a7b733a393a226d656e755f6e616d65223b733a393a226d61696e2d6d656e75223b733a353a227469746c65223b733a393a224d61696e206d656e75223b733a31313a226465736372697074696f6e223b733a3131353a22546865203c656d3e4d61696e3c2f656d3e206d656e752069732075736564206f6e206d616e7920736974657320746f2073686f7720746865206d616a6f722073656374696f6e73206f662074686520736974652c206f6674656e20696e206120746f70206e617669676174696f6e206261722e223b7d733a31303a226d616e6167656d656e74223b613a333a7b733a393a226d656e755f6e616d65223b733a31303a226d616e6167656d656e74223b733a353a227469746c65223b733a31303a224d616e6167656d656e74223b733a31313a226465736372697074696f6e223b733a36393a22546865203c656d3e4d616e6167656d656e743c2f656d3e206d656e7520636f6e7461696e73206c696e6b7320666f722061646d696e697374726174697665207461736b732e223b7d733a31303a226e617669676174696f6e223b613a333a7b733a393a226d656e755f6e616d65223b733a31303a226e617669676174696f6e223b733a353a227469746c65223b733a31303a224e617669676174696f6e223b733a31313a226465736372697074696f6e223b733a3135303a22546865203c656d3e4e617669676174696f6e3c2f656d3e206d656e7520636f6e7461696e73206c696e6b7320696e74656e64656420666f7220736974652076697369746f72732e204c696e6b732061726520616464656420746f20746865203c656d3e4e617669676174696f6e3c2f656d3e206d656e75206175746f6d61746963616c6c7920627920736f6d65206d6f64756c65732e223b7d733a393a22757365722d6d656e75223b613a333a7b733a393a226d656e755f6e616d65223b733a393a22757365722d6d656e75223b733a353a227469746c65223b733a393a2255736572206d656e75223b733a31313a226465736372697074696f6e223b733a39393a22546865203c656d3e557365723c2f656d3e206d656e7520636f6e7461696e73206c696e6b732072656c6174656420746f2074686520757365722773206163636f756e742c2061732077656c6c2061732074686520274c6f67206f757427206c696e6b2e223b7d7d, 0, 1350838894, 1);

-- --------------------------------------------------------

--
-- Table structure for table `cache_page`
--

CREATE TABLE IF NOT EXISTS `cache_page` (
  `cid` varchar(255) NOT NULL DEFAULT '' COMMENT 'Primary Key: Unique cache ID.',
  `data` longblob COMMENT 'A collection of data to cache.',
  `expire` int(11) NOT NULL DEFAULT '0' COMMENT 'A Unix timestamp indicating when the cache entry should expire, or 0 for never.',
  `created` int(11) NOT NULL DEFAULT '0' COMMENT 'A Unix timestamp indicating when the cache entry was created.',
  `serialized` smallint(6) NOT NULL DEFAULT '0' COMMENT 'A flag to indicate whether content is serialized (1) or not (0).',
  PRIMARY KEY (`cid`),
  KEY `expire` (`expire`)
) ENGINE=InnoDB DEFAULT CHARSET=utf8 COMMENT='Cache table used to store compressed pages for anonymous...';

-- --------------------------------------------------------

--
-- Table structure for table `cache_path`
--

CREATE TABLE IF NOT EXISTS `cache_path` (
  `cid` varchar(255) NOT NULL DEFAULT '' COMMENT 'Primary Key: Unique cache ID.',
  `data` longblob COMMENT 'A collection of data to cache.',
  `expire` int(11) NOT NULL DEFAULT '0' COMMENT 'A Unix timestamp indicating when the cache entry should expire, or 0 for never.',
  `created` int(11) NOT NULL DEFAULT '0' COMMENT 'A Unix timestamp indicating when the cache entry was created.',
  `serialized` smallint(6) NOT NULL DEFAULT '0' COMMENT 'A flag to indicate whether content is serialized (1) or not (0).',
  PRIMARY KEY (`cid`),
  KEY `expire` (`expire`)
) ENGINE=InnoDB DEFAULT CHARSET=utf8 COMMENT='Cache table for path alias lookup.';

-- --------------------------------------------------------

--
-- Table structure for table `comment`
--

CREATE TABLE IF NOT EXISTS `comment` (
  `cid` int(11) NOT NULL AUTO_INCREMENT COMMENT 'Primary Key: Unique comment ID.',
  `pid` int(11) NOT NULL DEFAULT '0' COMMENT 'The comment.cid to which this comment is a reply. If set to 0, this comment is not a reply to an existing comment.',
  `nid` int(11) NOT NULL DEFAULT '0' COMMENT 'The node.nid to which this comment is a reply.',
  `uid` int(11) NOT NULL DEFAULT '0' COMMENT 'The users.uid who authored the comment. If set to 0, this comment was created by an anonymous user.',
  `subject` varchar(64) NOT NULL DEFAULT '' COMMENT 'The comment title.',
  `hostname` varchar(128) NOT NULL DEFAULT '' COMMENT 'The author’s host name.',
  `created` int(11) NOT NULL DEFAULT '0' COMMENT 'The time that the comment was created, as a Unix timestamp.',
  `changed` int(11) NOT NULL DEFAULT '0' COMMENT 'The time that the comment was last edited, as a Unix timestamp.',
  `status` tinyint(3) unsigned NOT NULL DEFAULT '1' COMMENT 'The published status of a comment. (0 = Not Published, 1 = Published)',
  `thread` varchar(255) NOT NULL COMMENT 'The vancode representation of the comment’s place in a thread.',
  `name` varchar(60) DEFAULT NULL COMMENT 'The comment author’s name. Uses users.name if the user is logged in, otherwise uses the value typed into the comment form.',
  `mail` varchar(64) DEFAULT NULL COMMENT 'The comment author’s e-mail address from the comment form, if user is anonymous, and the ’Anonymous users may/must leave their contact information’ setting is turned on.',
  `homepage` varchar(255) DEFAULT NULL COMMENT 'The comment author’s home page address from the comment form, if user is anonymous, and the ’Anonymous users may/must leave their contact information’ setting is turned on.',
  `language` varchar(12) NOT NULL DEFAULT '' COMMENT 'The languages.language of this comment.',
  PRIMARY KEY (`cid`),
  KEY `comment_status_pid` (`pid`,`status`),
  KEY `comment_num_new` (`nid`,`status`,`created`,`cid`,`thread`),
  KEY `comment_uid` (`uid`),
  KEY `comment_nid_language` (`nid`,`language`),
  KEY `comment_created` (`created`)
) ENGINE=InnoDB DEFAULT CHARSET=utf8 COMMENT='Stores comments and associated data.' AUTO_INCREMENT=1 ;

-- --------------------------------------------------------

--
-- Table structure for table `date_formats`
--

CREATE TABLE IF NOT EXISTS `date_formats` (
  `dfid` int(10) unsigned NOT NULL AUTO_INCREMENT COMMENT 'The date format identifier.',
  `format` varchar(100) NOT NULL COMMENT 'The date format string.',
  `type` varchar(64) NOT NULL COMMENT 'The date format type, e.g. medium.',
  `locked` tinyint(4) NOT NULL DEFAULT '0' COMMENT 'Whether or not this format can be modified.',
  PRIMARY KEY (`dfid`),
  UNIQUE KEY `formats` (`format`,`type`)
) ENGINE=InnoDB  DEFAULT CHARSET=utf8 COMMENT='Stores configured date formats.' AUTO_INCREMENT=36 ;

--
-- Dumping data for table `date_formats`
--

INSERT INTO `date_formats` (`dfid`, `format`, `type`, `locked`) VALUES
(1, 'Y-m-d H:i', 'short', 1),
(2, 'm/d/Y - H:i', 'short', 1),
(3, 'd/m/Y - H:i', 'short', 1),
(4, 'Y/m/d - H:i', 'short', 1),
(5, 'd.m.Y - H:i', 'short', 1),
(6, 'm/d/Y - g:ia', 'short', 1),
(7, 'd/m/Y - g:ia', 'short', 1),
(8, 'Y/m/d - g:ia', 'short', 1),
(9, 'M j Y - H:i', 'short', 1),
(10, 'j M Y - H:i', 'short', 1),
(11, 'Y M j - H:i', 'short', 1),
(12, 'M j Y - g:ia', 'short', 1),
(13, 'j M Y - g:ia', 'short', 1),
(14, 'Y M j - g:ia', 'short', 1),
(15, 'D, Y-m-d H:i', 'medium', 1),
(16, 'D, m/d/Y - H:i', 'medium', 1),
(17, 'D, d/m/Y - H:i', 'medium', 1),
(18, 'D, Y/m/d - H:i', 'medium', 1),
(19, 'F j, Y - H:i', 'medium', 1),
(20, 'j F, Y - H:i', 'medium', 1),
(21, 'Y, F j - H:i', 'medium', 1),
(22, 'D, m/d/Y - g:ia', 'medium', 1),
(23, 'D, d/m/Y - g:ia', 'medium', 1),
(24, 'D, Y/m/d - g:ia', 'medium', 1),
(25, 'F j, Y - g:ia', 'medium', 1),
(26, 'j F Y - g:ia', 'medium', 1),
(27, 'Y, F j - g:ia', 'medium', 1),
(28, 'j. F Y - G:i', 'medium', 1),
(29, 'l, F j, Y - H:i', 'long', 1),
(30, 'l, j F, Y - H:i', 'long', 1),
(31, 'l, Y,  F j - H:i', 'long', 1),
(32, 'l, F j, Y - g:ia', 'long', 1),
(33, 'l, j F Y - g:ia', 'long', 1),
(34, 'l, Y,  F j - g:ia', 'long', 1),
(35, 'l, j. F Y - G:i', 'long', 1);

-- --------------------------------------------------------

--
-- Table structure for table `date_format_locale`
--

CREATE TABLE IF NOT EXISTS `date_format_locale` (
  `format` varchar(100) NOT NULL COMMENT 'The date format string.',
  `type` varchar(64) NOT NULL COMMENT 'The date format type, e.g. medium.',
  `language` varchar(12) NOT NULL COMMENT 'A languages.language for this format to be used with.',
  PRIMARY KEY (`type`,`language`)
) ENGINE=InnoDB DEFAULT CHARSET=utf8 COMMENT='Stores configured date formats for each locale.';

-- --------------------------------------------------------

--
-- Table structure for table `date_format_type`
--

CREATE TABLE IF NOT EXISTS `date_format_type` (
  `type` varchar(64) NOT NULL COMMENT 'The date format type, e.g. medium.',
  `title` varchar(255) NOT NULL COMMENT 'The human readable name of the format type.',
  `locked` tinyint(4) NOT NULL DEFAULT '0' COMMENT 'Whether or not this is a system provided format.',
  PRIMARY KEY (`type`),
  KEY `title` (`title`)
) ENGINE=InnoDB DEFAULT CHARSET=utf8 COMMENT='Stores configured date format types.';

--
-- Dumping data for table `date_format_type`
--

INSERT INTO `date_format_type` (`type`, `title`, `locked`) VALUES
('long', 'Long', 1),
('medium', 'Medium', 1),
('short', 'Short', 1);

-- --------------------------------------------------------

--
-- Table structure for table `field_config`
--

CREATE TABLE IF NOT EXISTS `field_config` (
  `id` int(11) NOT NULL AUTO_INCREMENT COMMENT 'The primary identifier for a field',
  `field_name` varchar(32) NOT NULL COMMENT 'The name of this field. Non-deleted field names are unique, but multiple deleted fields can have the same name.',
  `type` varchar(128) NOT NULL COMMENT 'The type of this field.',
  `module` varchar(128) NOT NULL DEFAULT '' COMMENT 'The module that implements the field type.',
  `active` tinyint(4) NOT NULL DEFAULT '0' COMMENT 'Boolean indicating whether the module that implements the field type is enabled.',
  `storage_type` varchar(128) NOT NULL COMMENT 'The storage backend for the field.',
  `storage_module` varchar(128) NOT NULL DEFAULT '' COMMENT 'The module that implements the storage backend.',
  `storage_active` tinyint(4) NOT NULL DEFAULT '0' COMMENT 'Boolean indicating whether the module that implements the storage backend is enabled.',
  `locked` tinyint(4) NOT NULL DEFAULT '0' COMMENT '@TODO',
  `data` longblob NOT NULL COMMENT 'Serialized data containing the field properties that do not warrant a dedicated column.',
  `cardinality` tinyint(4) NOT NULL DEFAULT '0',
  `translatable` tinyint(4) NOT NULL DEFAULT '0',
  `deleted` tinyint(4) NOT NULL DEFAULT '0',
  PRIMARY KEY (`id`),
  KEY `field_name` (`field_name`),
  KEY `active` (`active`),
  KEY `storage_active` (`storage_active`),
  KEY `deleted` (`deleted`),
  KEY `module` (`module`),
  KEY `storage_module` (`storage_module`),
  KEY `type` (`type`),
  KEY `storage_type` (`storage_type`)
) ENGINE=InnoDB  DEFAULT CHARSET=utf8 AUTO_INCREMENT=5 ;

--
-- Dumping data for table `field_config`
--

INSERT INTO `field_config` (`id`, `field_name`, `type`, `module`, `active`, `storage_type`, `storage_module`, `storage_active`, `locked`, `data`, `cardinality`, `translatable`, `deleted`) VALUES
(1, 'comment_body', 'text_long', 'text', 1, 'field_sql_storage', 'field_sql_storage', 1, 0, 0x613a363a7b733a31323a22656e746974795f7479706573223b613a313a7b693a303b733a373a22636f6d6d656e74223b7d733a31323a227472616e736c617461626c65223b623a303b733a383a2273657474696e6773223b613a303a7b7d733a373a2273746f72616765223b613a343a7b733a343a2274797065223b733a31373a226669656c645f73716c5f73746f72616765223b733a383a2273657474696e6773223b613a303a7b7d733a363a226d6f64756c65223b733a31373a226669656c645f73716c5f73746f72616765223b733a363a22616374697665223b693a313b7d733a31323a22666f726569676e206b657973223b613a313a7b733a363a22666f726d6174223b613a323a7b733a353a227461626c65223b733a31333a2266696c7465725f666f726d6174223b733a373a22636f6c756d6e73223b613a313a7b733a363a22666f726d6174223b733a363a22666f726d6174223b7d7d7d733a373a22696e6465786573223b613a313a7b733a363a22666f726d6174223b613a313a7b693a303b733a363a22666f726d6174223b7d7d7d, 1, 0, 0),
(2, 'body', 'text_with_summary', 'text', 1, 'field_sql_storage', 'field_sql_storage', 1, 0, 0x613a363a7b733a31323a22656e746974795f7479706573223b613a313a7b693a303b733a343a226e6f6465223b7d733a31323a227472616e736c617461626c65223b623a303b733a383a2273657474696e6773223b613a303a7b7d733a373a2273746f72616765223b613a343a7b733a343a2274797065223b733a31373a226669656c645f73716c5f73746f72616765223b733a383a2273657474696e6773223b613a303a7b7d733a363a226d6f64756c65223b733a31373a226669656c645f73716c5f73746f72616765223b733a363a22616374697665223b693a313b7d733a31323a22666f726569676e206b657973223b613a313a7b733a363a22666f726d6174223b613a323a7b733a353a227461626c65223b733a31333a2266696c7465725f666f726d6174223b733a373a22636f6c756d6e73223b613a313a7b733a363a22666f726d6174223b733a363a22666f726d6174223b7d7d7d733a373a22696e6465786573223b613a313a7b733a363a22666f726d6174223b613a313a7b693a303b733a363a22666f726d6174223b7d7d7d, 1, 0, 0),
(3, 'field_tags', 'taxonomy_term_reference', 'taxonomy', 1, 'field_sql_storage', 'field_sql_storage', 1, 0, 0x613a363a7b733a383a2273657474696e6773223b613a313a7b733a31343a22616c6c6f7765645f76616c756573223b613a313a7b693a303b613a323a7b733a31303a22766f636162756c617279223b733a343a2274616773223b733a363a22706172656e74223b693a303b7d7d7d733a31323a22656e746974795f7479706573223b613a303a7b7d733a31323a227472616e736c617461626c65223b623a303b733a373a2273746f72616765223b613a343a7b733a343a2274797065223b733a31373a226669656c645f73716c5f73746f72616765223b733a383a2273657474696e6773223b613a303a7b7d733a363a226d6f64756c65223b733a31373a226669656c645f73716c5f73746f72616765223b733a363a22616374697665223b693a313b7d733a31323a22666f726569676e206b657973223b613a313a7b733a333a22746964223b613a323a7b733a353a227461626c65223b733a31383a227461786f6e6f6d795f7465726d5f64617461223b733a373a22636f6c756d6e73223b613a313a7b733a333a22746964223b733a333a22746964223b7d7d7d733a373a22696e6465786573223b613a313a7b733a333a22746964223b613a313a7b693a303b733a333a22746964223b7d7d7d, -1, 0, 0),
(4, 'field_image', 'image', 'image', 1, 'field_sql_storage', 'field_sql_storage', 1, 0, 0x613a363a7b733a373a22696e6465786573223b613a313a7b733a333a22666964223b613a313a7b693a303b733a333a22666964223b7d7d733a383a2273657474696e6773223b613a323a7b733a31303a227572695f736368656d65223b733a363a227075626c6963223b733a31333a2264656661756c745f696d616765223b623a303b7d733a373a2273746f72616765223b613a343a7b733a343a2274797065223b733a31373a226669656c645f73716c5f73746f72616765223b733a383a2273657474696e6773223b613a303a7b7d733a363a226d6f64756c65223b733a31373a226669656c645f73716c5f73746f72616765223b733a363a22616374697665223b693a313b7d733a31323a22656e746974795f7479706573223b613a303a7b7d733a31323a227472616e736c617461626c65223b623a303b733a31323a22666f726569676e206b657973223b613a313a7b733a333a22666964223b613a323a7b733a353a227461626c65223b733a31323a2266696c655f6d616e61676564223b733a373a22636f6c756d6e73223b613a313a7b733a333a22666964223b733a333a22666964223b7d7d7d7d, 1, 0, 0);

-- --------------------------------------------------------

--
-- Table structure for table `field_config_instance`
--

CREATE TABLE IF NOT EXISTS `field_config_instance` (
  `id` int(11) NOT NULL AUTO_INCREMENT COMMENT 'The primary identifier for a field instance',
  `field_id` int(11) NOT NULL COMMENT 'The identifier of the field attached by this instance',
  `field_name` varchar(32) NOT NULL DEFAULT '',
  `entity_type` varchar(32) NOT NULL DEFAULT '',
  `bundle` varchar(128) NOT NULL DEFAULT '',
  `data` longblob NOT NULL,
  `deleted` tinyint(4) NOT NULL DEFAULT '0',
  PRIMARY KEY (`id`),
  KEY `field_name_bundle` (`field_name`,`entity_type`,`bundle`),
  KEY `deleted` (`deleted`)
) ENGINE=InnoDB  DEFAULT CHARSET=utf8 AUTO_INCREMENT=7 ;

--
-- Dumping data for table `field_config_instance`
--

INSERT INTO `field_config_instance` (`id`, `field_id`, `field_name`, `entity_type`, `bundle`, `data`, `deleted`) VALUES
(1, 1, 'comment_body', 'comment', 'comment_node_page', 0x613a363a7b733a353a226c6162656c223b733a373a22436f6d6d656e74223b733a383a2273657474696e6773223b613a323a7b733a31353a22746578745f70726f63657373696e67223b693a313b733a31383a22757365725f72656769737465725f666f726d223b623a303b7d733a383a227265717569726564223b623a313b733a373a22646973706c6179223b613a313a7b733a373a2264656661756c74223b613a353a7b733a353a226c6162656c223b733a363a2268696464656e223b733a343a2274797065223b733a31323a22746578745f64656661756c74223b733a363a22776569676874223b693a303b733a383a2273657474696e6773223b613a303a7b7d733a363a226d6f64756c65223b733a343a2274657874223b7d7d733a363a22776964676574223b613a343a7b733a343a2274797065223b733a31333a22746578745f7465787461726561223b733a383a2273657474696e6773223b613a313a7b733a343a22726f7773223b693a353b7d733a363a22776569676874223b693a303b733a363a226d6f64756c65223b733a343a2274657874223b7d733a31313a226465736372697074696f6e223b733a303a22223b7d, 0),
(2, 2, 'body', 'node', 'page', 0x613a363a7b733a353a226c6162656c223b733a343a22426f6479223b733a363a22776964676574223b613a343a7b733a343a2274797065223b733a32363a22746578745f74657874617265615f776974685f73756d6d617279223b733a383a2273657474696e6773223b613a323a7b733a343a22726f7773223b693a32303b733a31323a2273756d6d6172795f726f7773223b693a353b7d733a363a22776569676874223b693a2d343b733a363a226d6f64756c65223b733a343a2274657874223b7d733a383a2273657474696e6773223b613a333a7b733a31353a22646973706c61795f73756d6d617279223b623a313b733a31353a22746578745f70726f63657373696e67223b693a313b733a31383a22757365725f72656769737465725f666f726d223b623a303b7d733a373a22646973706c6179223b613a323a7b733a373a2264656661756c74223b613a353a7b733a353a226c6162656c223b733a363a2268696464656e223b733a343a2274797065223b733a31323a22746578745f64656661756c74223b733a383a2273657474696e6773223b613a303a7b7d733a363a226d6f64756c65223b733a343a2274657874223b733a363a22776569676874223b693a303b7d733a363a22746561736572223b613a353a7b733a353a226c6162656c223b733a363a2268696464656e223b733a343a2274797065223b733a32333a22746578745f73756d6d6172795f6f725f7472696d6d6564223b733a383a2273657474696e6773223b613a313a7b733a31313a227472696d5f6c656e677468223b693a3630303b7d733a363a226d6f64756c65223b733a343a2274657874223b733a363a22776569676874223b693a303b7d7d733a383a227265717569726564223b623a303b733a31313a226465736372697074696f6e223b733a303a22223b7d, 0),
(3, 1, 'comment_body', 'comment', 'comment_node_article', 0x613a363a7b733a353a226c6162656c223b733a373a22436f6d6d656e74223b733a383a2273657474696e6773223b613a323a7b733a31353a22746578745f70726f63657373696e67223b693a313b733a31383a22757365725f72656769737465725f666f726d223b623a303b7d733a383a227265717569726564223b623a313b733a373a22646973706c6179223b613a313a7b733a373a2264656661756c74223b613a353a7b733a353a226c6162656c223b733a363a2268696464656e223b733a343a2274797065223b733a31323a22746578745f64656661756c74223b733a363a22776569676874223b693a303b733a383a2273657474696e6773223b613a303a7b7d733a363a226d6f64756c65223b733a343a2274657874223b7d7d733a363a22776964676574223b613a343a7b733a343a2274797065223b733a31333a22746578745f7465787461726561223b733a383a2273657474696e6773223b613a313a7b733a343a22726f7773223b693a353b7d733a363a22776569676874223b693a303b733a363a226d6f64756c65223b733a343a2274657874223b7d733a31313a226465736372697074696f6e223b733a303a22223b7d, 0),
(4, 2, 'body', 'node', 'article', 0x613a363a7b733a353a226c6162656c223b733a343a22426f6479223b733a363a22776964676574223b613a343a7b733a343a2274797065223b733a32363a22746578745f74657874617265615f776974685f73756d6d617279223b733a383a2273657474696e6773223b613a323a7b733a343a22726f7773223b693a32303b733a31323a2273756d6d6172795f726f7773223b693a353b7d733a363a22776569676874223b693a2d343b733a363a226d6f64756c65223b733a343a2274657874223b7d733a383a2273657474696e6773223b613a333a7b733a31353a22646973706c61795f73756d6d617279223b623a313b733a31353a22746578745f70726f63657373696e67223b693a313b733a31383a22757365725f72656769737465725f666f726d223b623a303b7d733a373a22646973706c6179223b613a323a7b733a373a2264656661756c74223b613a353a7b733a353a226c6162656c223b733a363a2268696464656e223b733a343a2274797065223b733a31323a22746578745f64656661756c74223b733a383a2273657474696e6773223b613a303a7b7d733a363a226d6f64756c65223b733a343a2274657874223b733a363a22776569676874223b693a303b7d733a363a22746561736572223b613a353a7b733a353a226c6162656c223b733a363a2268696464656e223b733a343a2274797065223b733a32333a22746578745f73756d6d6172795f6f725f7472696d6d6564223b733a383a2273657474696e6773223b613a313a7b733a31313a227472696d5f6c656e677468223b693a3630303b7d733a363a226d6f64756c65223b733a343a2274657874223b733a363a22776569676874223b693a303b7d7d733a383a227265717569726564223b623a303b733a31313a226465736372697074696f6e223b733a303a22223b7d, 0),
(5, 3, 'field_tags', 'node', 'article', 0x613a363a7b733a353a226c6162656c223b733a343a2254616773223b733a31313a226465736372697074696f6e223b733a36333a22456e746572206120636f6d6d612d736570617261746564206c697374206f6620776f72647320746f20646573637269626520796f757220636f6e74656e742e223b733a363a22776964676574223b613a343a7b733a343a2274797065223b733a32313a227461786f6e6f6d795f6175746f636f6d706c657465223b733a363a22776569676874223b693a2d343b733a383a2273657474696e6773223b613a323a7b733a343a2273697a65223b693a36303b733a31373a226175746f636f6d706c6574655f70617468223b733a32313a227461786f6e6f6d792f6175746f636f6d706c657465223b7d733a363a226d6f64756c65223b733a383a227461786f6e6f6d79223b7d733a373a22646973706c6179223b613a323a7b733a373a2264656661756c74223b613a353a7b733a343a2274797065223b733a32383a227461786f6e6f6d795f7465726d5f7265666572656e63655f6c696e6b223b733a363a22776569676874223b693a31303b733a353a226c6162656c223b733a353a2261626f7665223b733a383a2273657474696e6773223b613a303a7b7d733a363a226d6f64756c65223b733a383a227461786f6e6f6d79223b7d733a363a22746561736572223b613a353a7b733a343a2274797065223b733a32383a227461786f6e6f6d795f7465726d5f7265666572656e63655f6c696e6b223b733a363a22776569676874223b693a31303b733a353a226c6162656c223b733a353a2261626f7665223b733a383a2273657474696e6773223b613a303a7b7d733a363a226d6f64756c65223b733a383a227461786f6e6f6d79223b7d7d733a383a2273657474696e6773223b613a313a7b733a31383a22757365725f72656769737465725f666f726d223b623a303b7d733a383a227265717569726564223b623a303b7d, 0),
(6, 4, 'field_image', 'node', 'article', 0x613a363a7b733a353a226c6162656c223b733a353a22496d616765223b733a31313a226465736372697074696f6e223b733a34303a2255706c6f616420616e20696d61676520746f20676f207769746820746869732061727469636c652e223b733a383a227265717569726564223b623a303b733a383a2273657474696e6773223b613a393a7b733a31343a2266696c655f6469726563746f7279223b733a31313a226669656c642f696d616765223b733a31353a2266696c655f657874656e73696f6e73223b733a31363a22706e6720676966206a7067206a706567223b733a31323a226d61785f66696c6573697a65223b733a303a22223b733a31343a226d61785f7265736f6c7574696f6e223b733a303a22223b733a31343a226d696e5f7265736f6c7574696f6e223b733a303a22223b733a393a22616c745f6669656c64223b623a313b733a31313a227469746c655f6669656c64223b733a303a22223b733a31333a2264656661756c745f696d616765223b693a303b733a31383a22757365725f72656769737465725f666f726d223b623a303b7d733a363a22776964676574223b613a343a7b733a343a2274797065223b733a31313a22696d6167655f696d616765223b733a383a2273657474696e6773223b613a323a7b733a31383a2270726f67726573735f696e64696361746f72223b733a383a227468726f62626572223b733a31393a22707265766965775f696d6167655f7374796c65223b733a393a227468756d626e61696c223b7d733a363a22776569676874223b693a2d313b733a363a226d6f64756c65223b733a353a22696d616765223b7d733a373a22646973706c6179223b613a323a7b733a373a2264656661756c74223b613a353a7b733a353a226c6162656c223b733a363a2268696464656e223b733a343a2274797065223b733a353a22696d616765223b733a383a2273657474696e6773223b613a323a7b733a31313a22696d6167655f7374796c65223b733a353a226c61726765223b733a31303a22696d6167655f6c696e6b223b733a303a22223b7d733a363a22776569676874223b693a2d313b733a363a226d6f64756c65223b733a353a22696d616765223b7d733a363a22746561736572223b613a353a7b733a353a226c6162656c223b733a363a2268696464656e223b733a343a2274797065223b733a353a22696d616765223b733a383a2273657474696e6773223b613a323a7b733a31313a22696d6167655f7374796c65223b733a363a226d656469756d223b733a31303a22696d6167655f6c696e6b223b733a373a22636f6e74656e74223b7d733a363a22776569676874223b693a2d313b733a363a226d6f64756c65223b733a353a22696d616765223b7d7d7d, 0);

-- --------------------------------------------------------

--
-- Table structure for table `field_data_body`
--

CREATE TABLE IF NOT EXISTS `field_data_body` (
  `entity_type` varchar(128) NOT NULL DEFAULT '' COMMENT 'The entity type this data is attached to',
  `bundle` varchar(128) NOT NULL DEFAULT '' COMMENT 'The field instance bundle to which this row belongs, used when deleting a field instance',
  `deleted` tinyint(4) NOT NULL DEFAULT '0' COMMENT 'A boolean indicating whether this data item has been deleted',
  `entity_id` int(10) unsigned NOT NULL COMMENT 'The entity id this data is attached to',
  `revision_id` int(10) unsigned DEFAULT NULL COMMENT 'The entity revision id this data is attached to, or NULL if the entity type is not versioned',
  `language` varchar(32) NOT NULL DEFAULT '' COMMENT 'The language for this data item.',
  `delta` int(10) unsigned NOT NULL COMMENT 'The sequence number for this data item, used for multi-value fields',
  `body_value` longtext,
  `body_summary` longtext,
  `body_format` varchar(255) DEFAULT NULL,
  PRIMARY KEY (`entity_type`,`entity_id`,`deleted`,`delta`,`language`),
  KEY `entity_type` (`entity_type`),
  KEY `bundle` (`bundle`),
  KEY `deleted` (`deleted`),
  KEY `entity_id` (`entity_id`),
  KEY `revision_id` (`revision_id`),
  KEY `language` (`language`),
  KEY `body_format` (`body_format`)
) ENGINE=InnoDB DEFAULT CHARSET=utf8 COMMENT='Data storage for field 2 (body)';

-- --------------------------------------------------------

--
-- Table structure for table `field_data_comment_body`
--

CREATE TABLE IF NOT EXISTS `field_data_comment_body` (
  `entity_type` varchar(128) NOT NULL DEFAULT '' COMMENT 'The entity type this data is attached to',
  `bundle` varchar(128) NOT NULL DEFAULT '' COMMENT 'The field instance bundle to which this row belongs, used when deleting a field instance',
  `deleted` tinyint(4) NOT NULL DEFAULT '0' COMMENT 'A boolean indicating whether this data item has been deleted',
  `entity_id` int(10) unsigned NOT NULL COMMENT 'The entity id this data is attached to',
  `revision_id` int(10) unsigned DEFAULT NULL COMMENT 'The entity revision id this data is attached to, or NULL if the entity type is not versioned',
  `language` varchar(32) NOT NULL DEFAULT '' COMMENT 'The language for this data item.',
  `delta` int(10) unsigned NOT NULL COMMENT 'The sequence number for this data item, used for multi-value fields',
  `comment_body_value` longtext,
  `comment_body_format` varchar(255) DEFAULT NULL,
  PRIMARY KEY (`entity_type`,`entity_id`,`deleted`,`delta`,`language`),
  KEY `entity_type` (`entity_type`),
  KEY `bundle` (`bundle`),
  KEY `deleted` (`deleted`),
  KEY `entity_id` (`entity_id`),
  KEY `revision_id` (`revision_id`),
  KEY `language` (`language`),
  KEY `comment_body_format` (`comment_body_format`)
) ENGINE=InnoDB DEFAULT CHARSET=utf8 COMMENT='Data storage for field 1 (comment_body)';

-- --------------------------------------------------------

--
-- Table structure for table `field_data_field_image`
--

CREATE TABLE IF NOT EXISTS `field_data_field_image` (
  `entity_type` varchar(128) NOT NULL DEFAULT '' COMMENT 'The entity type this data is attached to',
  `bundle` varchar(128) NOT NULL DEFAULT '' COMMENT 'The field instance bundle to which this row belongs, used when deleting a field instance',
  `deleted` tinyint(4) NOT NULL DEFAULT '0' COMMENT 'A boolean indicating whether this data item has been deleted',
  `entity_id` int(10) unsigned NOT NULL COMMENT 'The entity id this data is attached to',
  `revision_id` int(10) unsigned DEFAULT NULL COMMENT 'The entity revision id this data is attached to, or NULL if the entity type is not versioned',
  `language` varchar(32) NOT NULL DEFAULT '' COMMENT 'The language for this data item.',
  `delta` int(10) unsigned NOT NULL COMMENT 'The sequence number for this data item, used for multi-value fields',
  `field_image_fid` int(10) unsigned DEFAULT NULL COMMENT 'The file_managed.fid being referenced in this field.',
  `field_image_alt` varchar(512) DEFAULT NULL COMMENT 'Alternative image text, for the image’s ’alt’ attribute.',
  `field_image_title` varchar(1024) DEFAULT NULL COMMENT 'Image title text, for the image’s ’title’ attribute.',
  `field_image_width` int(10) unsigned DEFAULT NULL COMMENT 'The width of the image in pixels.',
  `field_image_height` int(10) unsigned DEFAULT NULL COMMENT 'The height of the image in pixels.',
  PRIMARY KEY (`entity_type`,`entity_id`,`deleted`,`delta`,`language`),
  KEY `entity_type` (`entity_type`),
  KEY `bundle` (`bundle`),
  KEY `deleted` (`deleted`),
  KEY `entity_id` (`entity_id`),
  KEY `revision_id` (`revision_id`),
  KEY `language` (`language`),
  KEY `field_image_fid` (`field_image_fid`)
) ENGINE=InnoDB DEFAULT CHARSET=utf8 COMMENT='Data storage for field 4 (field_image)';

-- --------------------------------------------------------

--
-- Table structure for table `field_data_field_tags`
--

CREATE TABLE IF NOT EXISTS `field_data_field_tags` (
  `entity_type` varchar(128) NOT NULL DEFAULT '' COMMENT 'The entity type this data is attached to',
  `bundle` varchar(128) NOT NULL DEFAULT '' COMMENT 'The field instance bundle to which this row belongs, used when deleting a field instance',
  `deleted` tinyint(4) NOT NULL DEFAULT '0' COMMENT 'A boolean indicating whether this data item has been deleted',
  `entity_id` int(10) unsigned NOT NULL COMMENT 'The entity id this data is attached to',
  `revision_id` int(10) unsigned DEFAULT NULL COMMENT 'The entity revision id this data is attached to, or NULL if the entity type is not versioned',
  `language` varchar(32) NOT NULL DEFAULT '' COMMENT 'The language for this data item.',
  `delta` int(10) unsigned NOT NULL COMMENT 'The sequence number for this data item, used for multi-value fields',
  `field_tags_tid` int(10) unsigned DEFAULT NULL,
  PRIMARY KEY (`entity_type`,`entity_id`,`deleted`,`delta`,`language`),
  KEY `entity_type` (`entity_type`),
  KEY `bundle` (`bundle`),
  KEY `deleted` (`deleted`),
  KEY `entity_id` (`entity_id`),
  KEY `revision_id` (`revision_id`),
  KEY `language` (`language`),
  KEY `field_tags_tid` (`field_tags_tid`)
) ENGINE=InnoDB DEFAULT CHARSET=utf8 COMMENT='Data storage for field 3 (field_tags)';

-- --------------------------------------------------------

--
-- Table structure for table `field_revision_body`
--

CREATE TABLE IF NOT EXISTS `field_revision_body` (
  `entity_type` varchar(128) NOT NULL DEFAULT '' COMMENT 'The entity type this data is attached to',
  `bundle` varchar(128) NOT NULL DEFAULT '' COMMENT 'The field instance bundle to which this row belongs, used when deleting a field instance',
  `deleted` tinyint(4) NOT NULL DEFAULT '0' COMMENT 'A boolean indicating whether this data item has been deleted',
  `entity_id` int(10) unsigned NOT NULL COMMENT 'The entity id this data is attached to',
  `revision_id` int(10) unsigned NOT NULL COMMENT 'The entity revision id this data is attached to',
  `language` varchar(32) NOT NULL DEFAULT '' COMMENT 'The language for this data item.',
  `delta` int(10) unsigned NOT NULL COMMENT 'The sequence number for this data item, used for multi-value fields',
  `body_value` longtext,
  `body_summary` longtext,
  `body_format` varchar(255) DEFAULT NULL,
  PRIMARY KEY (`entity_type`,`entity_id`,`revision_id`,`deleted`,`delta`,`language`),
  KEY `entity_type` (`entity_type`),
  KEY `bundle` (`bundle`),
  KEY `deleted` (`deleted`),
  KEY `entity_id` (`entity_id`),
  KEY `revision_id` (`revision_id`),
  KEY `language` (`language`),
  KEY `body_format` (`body_format`)
) ENGINE=InnoDB DEFAULT CHARSET=utf8 COMMENT='Revision archive storage for field 2 (body)';

-- --------------------------------------------------------

--
-- Table structure for table `field_revision_comment_body`
--

CREATE TABLE IF NOT EXISTS `field_revision_comment_body` (
  `entity_type` varchar(128) NOT NULL DEFAULT '' COMMENT 'The entity type this data is attached to',
  `bundle` varchar(128) NOT NULL DEFAULT '' COMMENT 'The field instance bundle to which this row belongs, used when deleting a field instance',
  `deleted` tinyint(4) NOT NULL DEFAULT '0' COMMENT 'A boolean indicating whether this data item has been deleted',
  `entity_id` int(10) unsigned NOT NULL COMMENT 'The entity id this data is attached to',
  `revision_id` int(10) unsigned NOT NULL COMMENT 'The entity revision id this data is attached to',
  `language` varchar(32) NOT NULL DEFAULT '' COMMENT 'The language for this data item.',
  `delta` int(10) unsigned NOT NULL COMMENT 'The sequence number for this data item, used for multi-value fields',
  `comment_body_value` longtext,
  `comment_body_format` varchar(255) DEFAULT NULL,
  PRIMARY KEY (`entity_type`,`entity_id`,`revision_id`,`deleted`,`delta`,`language`),
  KEY `entity_type` (`entity_type`),
  KEY `bundle` (`bundle`),
  KEY `deleted` (`deleted`),
  KEY `entity_id` (`entity_id`),
  KEY `revision_id` (`revision_id`),
  KEY `language` (`language`),
  KEY `comment_body_format` (`comment_body_format`)
) ENGINE=InnoDB DEFAULT CHARSET=utf8 COMMENT='Revision archive storage for field 1 (comment_body)';

-- --------------------------------------------------------

--
-- Table structure for table `field_revision_field_image`
--

CREATE TABLE IF NOT EXISTS `field_revision_field_image` (
  `entity_type` varchar(128) NOT NULL DEFAULT '' COMMENT 'The entity type this data is attached to',
  `bundle` varchar(128) NOT NULL DEFAULT '' COMMENT 'The field instance bundle to which this row belongs, used when deleting a field instance',
  `deleted` tinyint(4) NOT NULL DEFAULT '0' COMMENT 'A boolean indicating whether this data item has been deleted',
  `entity_id` int(10) unsigned NOT NULL COMMENT 'The entity id this data is attached to',
  `revision_id` int(10) unsigned NOT NULL COMMENT 'The entity revision id this data is attached to',
  `language` varchar(32) NOT NULL DEFAULT '' COMMENT 'The language for this data item.',
  `delta` int(10) unsigned NOT NULL COMMENT 'The sequence number for this data item, used for multi-value fields',
  `field_image_fid` int(10) unsigned DEFAULT NULL COMMENT 'The file_managed.fid being referenced in this field.',
  `field_image_alt` varchar(512) DEFAULT NULL COMMENT 'Alternative image text, for the image’s ’alt’ attribute.',
  `field_image_title` varchar(1024) DEFAULT NULL COMMENT 'Image title text, for the image’s ’title’ attribute.',
  `field_image_width` int(10) unsigned DEFAULT NULL COMMENT 'The width of the image in pixels.',
  `field_image_height` int(10) unsigned DEFAULT NULL COMMENT 'The height of the image in pixels.',
  PRIMARY KEY (`entity_type`,`entity_id`,`revision_id`,`deleted`,`delta`,`language`),
  KEY `entity_type` (`entity_type`),
  KEY `bundle` (`bundle`),
  KEY `deleted` (`deleted`),
  KEY `entity_id` (`entity_id`),
  KEY `revision_id` (`revision_id`),
  KEY `language` (`language`),
  KEY `field_image_fid` (`field_image_fid`)
) ENGINE=InnoDB DEFAULT CHARSET=utf8 COMMENT='Revision archive storage for field 4 (field_image)';

-- --------------------------------------------------------

--
-- Table structure for table `field_revision_field_tags`
--

CREATE TABLE IF NOT EXISTS `field_revision_field_tags` (
  `entity_type` varchar(128) NOT NULL DEFAULT '' COMMENT 'The entity type this data is attached to',
  `bundle` varchar(128) NOT NULL DEFAULT '' COMMENT 'The field instance bundle to which this row belongs, used when deleting a field instance',
  `deleted` tinyint(4) NOT NULL DEFAULT '0' COMMENT 'A boolean indicating whether this data item has been deleted',
  `entity_id` int(10) unsigned NOT NULL COMMENT 'The entity id this data is attached to',
  `revision_id` int(10) unsigned NOT NULL COMMENT 'The entity revision id this data is attached to',
  `language` varchar(32) NOT NULL DEFAULT '' COMMENT 'The language for this data item.',
  `delta` int(10) unsigned NOT NULL COMMENT 'The sequence number for this data item, used for multi-value fields',
  `field_tags_tid` int(10) unsigned DEFAULT NULL,
  PRIMARY KEY (`entity_type`,`entity_id`,`revision_id`,`deleted`,`delta`,`language`),
  KEY `entity_type` (`entity_type`),
  KEY `bundle` (`bundle`),
  KEY `deleted` (`deleted`),
  KEY `entity_id` (`entity_id`),
  KEY `revision_id` (`revision_id`),
  KEY `language` (`language`),
  KEY `field_tags_tid` (`field_tags_tid`)
) ENGINE=InnoDB DEFAULT CHARSET=utf8 COMMENT='Revision archive storage for field 3 (field_tags)';

-- --------------------------------------------------------

--
-- Table structure for table `file_managed`
--

CREATE TABLE IF NOT EXISTS `file_managed` (
  `fid` int(10) unsigned NOT NULL AUTO_INCREMENT COMMENT 'File ID.',
  `uid` int(10) unsigned NOT NULL DEFAULT '0' COMMENT 'The users.uid of the user who is associated with the file.',
  `filename` varchar(255) CHARACTER SET utf8 COLLATE utf8_bin NOT NULL DEFAULT '' COMMENT 'Name of the file with no path components. This may differ from the basename of the URI if the file is renamed to avoid overwriting an existing file.',
  `uri` varchar(255) CHARACTER SET utf8 COLLATE utf8_bin NOT NULL DEFAULT '' COMMENT 'The URI to access the file (either local or remote).',
  `filemime` varchar(255) NOT NULL DEFAULT '' COMMENT 'The file’s MIME type.',
  `filesize` int(10) unsigned NOT NULL DEFAULT '0' COMMENT 'The size of the file in bytes.',
  `status` tinyint(4) NOT NULL DEFAULT '0' COMMENT 'A field indicating the status of the file. Two status are defined in core: temporary (0) and permanent (1). Temporary files older than DRUPAL_MAXIMUM_TEMP_FILE_AGE will be removed during a cron run.',
  `timestamp` int(10) unsigned NOT NULL DEFAULT '0' COMMENT 'UNIX timestamp for when the file was added.',
  PRIMARY KEY (`fid`),
  UNIQUE KEY `uri` (`uri`),
  KEY `uid` (`uid`),
  KEY `status` (`status`),
  KEY `timestamp` (`timestamp`)
) ENGINE=InnoDB DEFAULT CHARSET=utf8 COMMENT='Stores information for uploaded files.' AUTO_INCREMENT=1 ;

-- --------------------------------------------------------

--
-- Table structure for table `file_usage`
--

CREATE TABLE IF NOT EXISTS `file_usage` (
  `fid` int(10) unsigned NOT NULL COMMENT 'File ID.',
  `module` varchar(255) NOT NULL DEFAULT '' COMMENT 'The name of the module that is using the file.',
  `type` varchar(64) NOT NULL DEFAULT '' COMMENT 'The name of the object type in which the file is used.',
  `id` int(10) unsigned NOT NULL DEFAULT '0' COMMENT 'The primary key of the object using the file.',
  `count` int(10) unsigned NOT NULL DEFAULT '0' COMMENT 'The number of times this file is used by this object.',
  PRIMARY KEY (`fid`,`type`,`id`,`module`),
  KEY `type_id` (`type`,`id`),
  KEY `fid_count` (`fid`,`count`),
  KEY `fid_module` (`fid`,`module`)
) ENGINE=InnoDB DEFAULT CHARSET=utf8 COMMENT='Track where a file is used.';

-- --------------------------------------------------------

--
-- Table structure for table `filter`
--

CREATE TABLE IF NOT EXISTS `filter` (
  `format` varchar(255) NOT NULL COMMENT 'Foreign key: The filter_format.format to which this filter is assigned.',
  `module` varchar(64) NOT NULL DEFAULT '' COMMENT 'The origin module of the filter.',
  `name` varchar(32) NOT NULL DEFAULT '' COMMENT 'Name of the filter being referenced.',
  `weight` int(11) NOT NULL DEFAULT '0' COMMENT 'Weight of filter within format.',
  `status` int(11) NOT NULL DEFAULT '0' COMMENT 'Filter enabled status. (1 = enabled, 0 = disabled)',
  `settings` longblob COMMENT 'A serialized array of name value pairs that store the filter settings for the specific format.',
  PRIMARY KEY (`format`,`name`),
  KEY `list` (`weight`,`module`,`name`)
) ENGINE=InnoDB DEFAULT CHARSET=utf8 COMMENT='Table that maps filters (HTML corrector) to text formats ...';

--
-- Dumping data for table `filter`
--

INSERT INTO `filter` (`format`, `module`, `name`, `weight`, `status`, `settings`) VALUES
('filtered_html', 'filter', 'filter_autop', 2, 1, 0x613a303a7b7d),
('filtered_html', 'filter', 'filter_html', 1, 1, 0x613a333a7b733a31323a22616c6c6f7765645f68746d6c223b733a37343a223c613e203c656d3e203c7374726f6e673e203c636974653e203c626c6f636b71756f74653e203c636f64653e203c756c3e203c6f6c3e203c6c693e203c646c3e203c64743e203c64643e223b733a31363a2266696c7465725f68746d6c5f68656c70223b693a313b733a32303a2266696c7465725f68746d6c5f6e6f666f6c6c6f77223b693a303b7d),
('filtered_html', 'filter', 'filter_htmlcorrector', 10, 1, 0x613a303a7b7d),
('filtered_html', 'filter', 'filter_html_escape', -10, 0, 0x613a303a7b7d),
('filtered_html', 'filter', 'filter_url', 0, 1, 0x613a313a7b733a31373a2266696c7465725f75726c5f6c656e677468223b693a37323b7d),
('full_html', 'filter', 'filter_autop', 1, 1, 0x613a303a7b7d),
('full_html', 'filter', 'filter_html', -10, 0, 0x613a333a7b733a31323a22616c6c6f7765645f68746d6c223b733a37343a223c613e203c656d3e203c7374726f6e673e203c636974653e203c626c6f636b71756f74653e203c636f64653e203c756c3e203c6f6c3e203c6c693e203c646c3e203c64743e203c64643e223b733a31363a2266696c7465725f68746d6c5f68656c70223b693a313b733a32303a2266696c7465725f68746d6c5f6e6f666f6c6c6f77223b693a303b7d),
('full_html', 'filter', 'filter_htmlcorrector', 10, 1, 0x613a303a7b7d),
('full_html', 'filter', 'filter_html_escape', -10, 0, 0x613a303a7b7d),
('full_html', 'filter', 'filter_url', 0, 1, 0x613a313a7b733a31373a2266696c7465725f75726c5f6c656e677468223b693a37323b7d),
('plain_text', 'filter', 'filter_autop', 2, 1, 0x613a303a7b7d),
('plain_text', 'filter', 'filter_html', -10, 0, 0x613a333a7b733a31323a22616c6c6f7765645f68746d6c223b733a37343a223c613e203c656d3e203c7374726f6e673e203c636974653e203c626c6f636b71756f74653e203c636f64653e203c756c3e203c6f6c3e203c6c693e203c646c3e203c64743e203c64643e223b733a31363a2266696c7465725f68746d6c5f68656c70223b693a313b733a32303a2266696c7465725f68746d6c5f6e6f666f6c6c6f77223b693a303b7d),
('plain_text', 'filter', 'filter_htmlcorrector', 10, 0, 0x613a303a7b7d),
('plain_text', 'filter', 'filter_html_escape', 0, 1, 0x613a303a7b7d),
('plain_text', 'filter', 'filter_url', 1, 1, 0x613a313a7b733a31373a2266696c7465725f75726c5f6c656e677468223b693a37323b7d);

-- --------------------------------------------------------

--
-- Table structure for table `filter_format`
--

CREATE TABLE IF NOT EXISTS `filter_format` (
  `format` varchar(255) NOT NULL COMMENT 'Primary Key: Unique machine name of the format.',
  `name` varchar(255) NOT NULL DEFAULT '' COMMENT 'Name of the text format (Filtered HTML).',
  `cache` tinyint(4) NOT NULL DEFAULT '0' COMMENT 'Flag to indicate whether format is cacheable. (1 = cacheable, 0 = not cacheable)',
  `status` tinyint(3) unsigned NOT NULL DEFAULT '1' COMMENT 'The status of the text format. (1 = enabled, 0 = disabled)',
  `weight` int(11) NOT NULL DEFAULT '0' COMMENT 'Weight of text format to use when listing.',
  PRIMARY KEY (`format`),
  UNIQUE KEY `name` (`name`),
  KEY `status_weight` (`status`,`weight`)
) ENGINE=InnoDB DEFAULT CHARSET=utf8 COMMENT='Stores text formats: custom groupings of filters, such as...';

--
-- Dumping data for table `filter_format`
--

INSERT INTO `filter_format` (`format`, `name`, `cache`, `status`, `weight`) VALUES
('filtered_html', 'Filtered HTML', 1, 1, 0),
('full_html', 'Full HTML', 1, 1, 1),
('plain_text', 'Plain text', 1, 1, 10);

-- --------------------------------------------------------

--
-- Table structure for table `flood`
--

CREATE TABLE IF NOT EXISTS `flood` (
  `fid` int(11) NOT NULL AUTO_INCREMENT COMMENT 'Unique flood event ID.',
  `event` varchar(64) NOT NULL DEFAULT '' COMMENT 'Name of event (e.g. contact).',
  `identifier` varchar(128) NOT NULL DEFAULT '' COMMENT 'Identifier of the visitor, such as an IP address or hostname.',
  `timestamp` int(11) NOT NULL DEFAULT '0' COMMENT 'Timestamp of the event.',
  `expiration` int(11) NOT NULL DEFAULT '0' COMMENT 'Expiration timestamp. Expired events are purged on cron run.',
  PRIMARY KEY (`fid`),
  KEY `allow` (`event`,`identifier`,`timestamp`),
  KEY `purge` (`expiration`)
) ENGINE=InnoDB  DEFAULT CHARSET=utf8 COMMENT='Flood controls the threshold of events, such as the...' AUTO_INCREMENT=2 ;

--
-- Dumping data for table `flood`
--

INSERT INTO `flood` (`fid`, `event`, `identifier`, `timestamp`, `expiration`) VALUES
(1, 'failed_login_attempt_ip', '202.183.213.99', 1610552281, 1610555881);

-- --------------------------------------------------------

--
-- Table structure for table `history`
--

CREATE TABLE IF NOT EXISTS `history` (
  `uid` int(11) NOT NULL DEFAULT '0' COMMENT 'The users.uid that read the node nid.',
  `nid` int(11) NOT NULL DEFAULT '0' COMMENT 'The node.nid that was read.',
  `timestamp` int(11) NOT NULL DEFAULT '0' COMMENT 'The Unix timestamp at which the read occurred.',
  PRIMARY KEY (`uid`,`nid`),
  KEY `nid` (`nid`)
) ENGINE=InnoDB DEFAULT CHARSET=utf8 COMMENT='A record of which users have read which nodes.';

-- --------------------------------------------------------

--
-- Table structure for table `image_effects`
--

CREATE TABLE IF NOT EXISTS `image_effects` (
  `ieid` int(10) unsigned NOT NULL AUTO_INCREMENT COMMENT 'The primary identifier for an image effect.',
  `isid` int(10) unsigned NOT NULL DEFAULT '0' COMMENT 'The image_styles.isid for an image style.',
  `weight` int(11) NOT NULL DEFAULT '0' COMMENT 'The weight of the effect in the style.',
  `name` varchar(255) NOT NULL COMMENT 'The unique name of the effect to be executed.',
  `data` longblob NOT NULL COMMENT 'The configuration data for the effect.',
  PRIMARY KEY (`ieid`),
  KEY `isid` (`isid`),
  KEY `weight` (`weight`)
) ENGINE=InnoDB DEFAULT CHARSET=utf8 COMMENT='Stores configuration options for image effects.' AUTO_INCREMENT=1 ;

-- --------------------------------------------------------

--
-- Table structure for table `image_styles`
--

CREATE TABLE IF NOT EXISTS `image_styles` (
  `isid` int(10) unsigned NOT NULL AUTO_INCREMENT COMMENT 'The primary identifier for an image style.',
  `name` varchar(255) NOT NULL COMMENT 'The style name.',
  PRIMARY KEY (`isid`),
  UNIQUE KEY `name` (`name`)
) ENGINE=InnoDB DEFAULT CHARSET=utf8 COMMENT='Stores configuration options for image styles.' AUTO_INCREMENT=1 ;

-- --------------------------------------------------------

--
-- Table structure for table `menu_custom`
--

CREATE TABLE IF NOT EXISTS `menu_custom` (
  `menu_name` varchar(32) NOT NULL DEFAULT '' COMMENT 'Primary Key: Unique key for menu. This is used as a block delta so length is 32.',
  `title` varchar(255) NOT NULL DEFAULT '' COMMENT 'Menu title; displayed at top of block.',
  `description` text COMMENT 'Menu description.',
  PRIMARY KEY (`menu_name`)
) ENGINE=InnoDB DEFAULT CHARSET=utf8 COMMENT='Holds definitions for top-level custom menus (for example...';

--
-- Dumping data for table `menu_custom`
--

INSERT INTO `menu_custom` (`menu_name`, `title`, `description`) VALUES
('main-menu', 'Main menu', 'The <em>Main</em> menu is used on many sites to show the major sections of the site, often in a top navigation bar.'),
('management', 'Management', 'The <em>Management</em> menu contains links for administrative tasks.'),
('navigation', 'Navigation', 'The <em>Navigation</em> menu contains links intended for site visitors. Links are added to the <em>Navigation</em> menu automatically by some modules.'),
('user-menu', 'User menu', 'The <em>User</em> menu contains links related to the user''s account, as well as the ''Log out'' link.');

-- --------------------------------------------------------

--
-- Table structure for table `menu_links`
--

CREATE TABLE IF NOT EXISTS `menu_links` (
  `menu_name` varchar(32) NOT NULL DEFAULT '' COMMENT 'The menu name. All links with the same menu name (such as ’navigation’) are part of the same menu.',
  `mlid` int(10) unsigned NOT NULL AUTO_INCREMENT COMMENT 'The menu link ID (mlid) is the integer primary key.',
  `plid` int(10) unsigned NOT NULL DEFAULT '0' COMMENT 'The parent link ID (plid) is the mlid of the link above in the hierarchy, or zero if the link is at the top level in its menu.',
  `link_path` varchar(255) NOT NULL DEFAULT '' COMMENT 'The Drupal path or external path this link points to.',
  `router_path` varchar(255) NOT NULL DEFAULT '' COMMENT 'For links corresponding to a Drupal path (external = 0), this connects the link to a menu_router.path for joins.',
  `link_title` varchar(255) NOT NULL DEFAULT '' COMMENT 'The text displayed for the link, which may be modified by a title callback stored in menu_router.',
  `options` blob COMMENT 'A serialized array of options to be passed to the url() or l() function, such as a query string or HTML attributes.',
  `module` varchar(255) NOT NULL DEFAULT 'system' COMMENT 'The name of the module that generated this link.',
  `hidden` smallint(6) NOT NULL DEFAULT '0' COMMENT 'A flag for whether the link should be rendered in menus. (1 = a disabled menu item that may be shown on admin screens, -1 = a menu callback, 0 = a normal, visible link)',
  `external` smallint(6) NOT NULL DEFAULT '0' COMMENT 'A flag to indicate if the link points to a full URL starting with a protocol, like http:// (1 = external, 0 = internal).',
  `has_children` smallint(6) NOT NULL DEFAULT '0' COMMENT 'Flag indicating whether any links have this link as a parent (1 = children exist, 0 = no children).',
  `expanded` smallint(6) NOT NULL DEFAULT '0' COMMENT 'Flag for whether this link should be rendered as expanded in menus - expanded links always have their child links displayed, instead of only when the link is in the active trail (1 = expanded, 0 = not expanded)',
  `weight` int(11) NOT NULL DEFAULT '0' COMMENT 'Link weight among links in the same menu at the same depth.',
  `depth` smallint(6) NOT NULL DEFAULT '0' COMMENT 'The depth relative to the top level. A link with plid == 0 will have depth == 1.',
  `customized` smallint(6) NOT NULL DEFAULT '0' COMMENT 'A flag to indicate that the user has manually created or edited the link (1 = customized, 0 = not customized).',
  `p1` int(10) unsigned NOT NULL DEFAULT '0' COMMENT 'The first mlid in the materialized path. If N = depth, then pN must equal the mlid. If depth > 1 then p(N-1) must equal the plid. All pX where X > depth must equal zero. The columns p1 .. p9 are also called the parents.',
  `p2` int(10) unsigned NOT NULL DEFAULT '0' COMMENT 'The second mlid in the materialized path. See p1.',
  `p3` int(10) unsigned NOT NULL DEFAULT '0' COMMENT 'The third mlid in the materialized path. See p1.',
  `p4` int(10) unsigned NOT NULL DEFAULT '0' COMMENT 'The fourth mlid in the materialized path. See p1.',
  `p5` int(10) unsigned NOT NULL DEFAULT '0' COMMENT 'The fifth mlid in the materialized path. See p1.',
  `p6` int(10) unsigned NOT NULL DEFAULT '0' COMMENT 'The sixth mlid in the materialized path. See p1.',
  `p7` int(10) unsigned NOT NULL DEFAULT '0' COMMENT 'The seventh mlid in the materialized path. See p1.',
  `p8` int(10) unsigned NOT NULL DEFAULT '0' COMMENT 'The eighth mlid in the materialized path. See p1.',
  `p9` int(10) unsigned NOT NULL DEFAULT '0' COMMENT 'The ninth mlid in the materialized path. See p1.',
  `updated` smallint(6) NOT NULL DEFAULT '0' COMMENT 'Flag that indicates that this link was generated during the update from Drupal 5.',
  PRIMARY KEY (`mlid`),
  KEY `path_menu` (`link_path`(128),`menu_name`),
  KEY `menu_plid_expand_child` (`menu_name`,`plid`,`expanded`,`has_children`),
  KEY `menu_parents` (`menu_name`,`p1`,`p2`,`p3`,`p4`,`p5`,`p6`,`p7`,`p8`,`p9`),
  KEY `router_path` (`router_path`(128))
) ENGINE=InnoDB  DEFAULT CHARSET=utf8 COMMENT='Contains the individual links within a menu.' AUTO_INCREMENT=344 ;

--
-- Dumping data for table `menu_links`
--

INSERT INTO `menu_links` (`menu_name`, `mlid`, `plid`, `link_path`, `router_path`, `link_title`, `options`, `module`, `hidden`, `external`, `has_children`, `expanded`, `weight`, `depth`, `customized`, `p1`, `p2`, `p3`, `p4`, `p5`, `p6`, `p7`, `p8`, `p9`, `updated`) VALUES
('management', 1, 0, 'admin', 'admin', 'Administration', 0x613a303a7b7d, 'system', 0, 0, 1, 0, 9, 1, 0, 1, 0, 0, 0, 0, 0, 0, 0, 0, 0),
('user-menu', 2, 0, 'user', 'user', 'User account', 0x613a313a7b733a353a22616c746572223b623a313b7d, 'system', 0, 0, 0, 0, -10, 1, 0, 2, 0, 0, 0, 0, 0, 0, 0, 0, 0),
('navigation', 3, 0, 'comment/%', 'comment/%', 'Comment permalink', 0x613a303a7b7d, 'system', 0, 0, 1, 0, 0, 1, 0, 3, 0, 0, 0, 0, 0, 0, 0, 0, 0),
('navigation', 4, 0, 'filter/tips', 'filter/tips', 'Compose tips', 0x613a303a7b7d, 'system', 1, 0, 0, 0, 0, 1, 0, 4, 0, 0, 0, 0, 0, 0, 0, 0, 0),
('navigation', 5, 0, 'node/%', 'node/%', '', 0x613a303a7b7d, 'system', 0, 0, 0, 0, 0, 1, 0, 5, 0, 0, 0, 0, 0, 0, 0, 0, 0),
('navigation', 6, 0, 'node/add', 'node/add', 'Add content', 0x613a303a7b7d, 'system', 0, 0, 1, 0, 0, 1, 0, 6, 0, 0, 0, 0, 0, 0, 0, 0, 0),
('management', 7, 1, 'admin/appearance', 'admin/appearance', 'Appearance', 0x613a313a7b733a31303a2261747472696275746573223b613a313a7b733a353a227469746c65223b733a33333a2253656c65637420616e6420636f6e66696775726520796f7572207468656d65732e223b7d7d, 'system', 0, 0, 0, 0, -6, 2, 0, 1, 7, 0, 0, 0, 0, 0, 0, 0, 0),
('management', 8, 1, 'admin/config', 'admin/config', 'Configuration', 0x613a313a7b733a31303a2261747472696275746573223b613a313a7b733a353a227469746c65223b733a32303a2241646d696e69737465722073657474696e67732e223b7d7d, 'system', 0, 0, 1, 0, 0, 2, 0, 1, 8, 0, 0, 0, 0, 0, 0, 0, 0),
('management', 9, 1, 'admin/content', 'admin/content', 'Content', 0x613a313a7b733a31303a2261747472696275746573223b613a313a7b733a353a227469746c65223b733a33323a2241646d696e697374657220636f6e74656e7420616e6420636f6d6d656e74732e223b7d7d, 'system', 0, 0, 1, 0, -10, 2, 0, 1, 9, 0, 0, 0, 0, 0, 0, 0, 0),
('user-menu', 10, 2, 'user/register', 'user/register', 'Create new account', 0x613a303a7b7d, 'system', -1, 0, 0, 0, 0, 2, 0, 2, 10, 0, 0, 0, 0, 0, 0, 0, 0),
('management', 11, 1, 'admin/dashboard', 'admin/dashboard', 'Dashboard', 0x613a313a7b733a31303a2261747472696275746573223b613a313a7b733a353a227469746c65223b733a33343a225669657720616e6420637573746f6d697a6520796f75722064617368626f6172642e223b7d7d, 'system', 0, 0, 0, 0, -15, 2, 0, 1, 11, 0, 0, 0, 0, 0, 0, 0, 0),
('management', 12, 1, 'admin/help', 'admin/help', 'Help', 0x613a313a7b733a31303a2261747472696275746573223b613a313a7b733a353a227469746c65223b733a34383a225265666572656e636520666f722075736167652c20636f6e66696775726174696f6e2c20616e64206d6f64756c65732e223b7d7d, 'system', 0, 0, 0, 0, 9, 2, 0, 1, 12, 0, 0, 0, 0, 0, 0, 0, 0),
('management', 13, 1, 'admin/index', 'admin/index', 'Index', 0x613a303a7b7d, 'system', -1, 0, 0, 0, -18, 2, 0, 1, 13, 0, 0, 0, 0, 0, 0, 0, 0),
('user-menu', 14, 2, 'user/login', 'user/login', 'Log in', 0x613a303a7b7d, 'system', -1, 0, 0, 0, 0, 2, 0, 2, 14, 0, 0, 0, 0, 0, 0, 0, 0),
('user-menu', 15, 0, 'user/logout', 'user/logout', 'Log out', 0x613a303a7b7d, 'system', 0, 0, 0, 0, 10, 1, 0, 15, 0, 0, 0, 0, 0, 0, 0, 0, 0),
('management', 16, 1, 'admin/modules', 'admin/modules', 'Modules', 0x613a313a7b733a31303a2261747472696275746573223b613a313a7b733a353a227469746c65223b733a32363a22457874656e6420736974652066756e6374696f6e616c6974792e223b7d7d, 'system', 0, 0, 0, 0, -2, 2, 0, 1, 16, 0, 0, 0, 0, 0, 0, 0, 0),
('navigation', 17, 0, 'user/%', 'user/%', 'My account', 0x613a303a7b7d, 'system', 0, 0, 1, 0, 0, 1, 0, 17, 0, 0, 0, 0, 0, 0, 0, 0, 0),
('management', 18, 1, 'admin/people', 'admin/people', 'People', 0x613a313a7b733a31303a2261747472696275746573223b613a313a7b733a353a227469746c65223b733a34353a224d616e6167652075736572206163636f756e74732c20726f6c65732c20616e64207065726d697373696f6e732e223b7d7d, 'system', 0, 0, 0, 0, -4, 2, 0, 1, 18, 0, 0, 0, 0, 0, 0, 0, 0),
('management', 19, 1, 'admin/reports', 'admin/reports', 'Reports', 0x613a313a7b733a31303a2261747472696275746573223b613a313a7b733a353a227469746c65223b733a33343a2256696577207265706f7274732c20757064617465732c20616e64206572726f72732e223b7d7d, 'system', 0, 0, 1, 0, 5, 2, 0, 1, 19, 0, 0, 0, 0, 0, 0, 0, 0),
('user-menu', 20, 2, 'user/password', 'user/password', 'Request new password', 0x613a303a7b7d, 'system', -1, 0, 0, 0, 0, 2, 0, 2, 20, 0, 0, 0, 0, 0, 0, 0, 0),
('management', 21, 1, 'admin/structure', 'admin/structure', 'Structure', 0x613a313a7b733a31303a2261747472696275746573223b613a313a7b733a353a227469746c65223b733a34353a2241646d696e697374657220626c6f636b732c20636f6e74656e742074797065732c206d656e75732c206574632e223b7d7d, 'system', 0, 0, 1, 0, -8, 2, 0, 1, 21, 0, 0, 0, 0, 0, 0, 0, 0),
('management', 22, 1, 'admin/tasks', 'admin/tasks', 'Tasks', 0x613a303a7b7d, 'system', -1, 0, 0, 0, -20, 2, 0, 1, 22, 0, 0, 0, 0, 0, 0, 0, 0),
('navigation', 23, 0, 'comment/reply/%', 'comment/reply/%', 'Add new comment', 0x613a303a7b7d, 'system', 0, 0, 0, 0, 0, 1, 0, 23, 0, 0, 0, 0, 0, 0, 0, 0, 0),
('navigation', 24, 3, 'comment/%/approve', 'comment/%/approve', 'Approve', 0x613a303a7b7d, 'system', 0, 0, 0, 0, 1, 2, 0, 3, 24, 0, 0, 0, 0, 0, 0, 0, 0),
('navigation', 25, 3, 'comment/%/delete', 'comment/%/delete', 'Delete', 0x613a303a7b7d, 'system', -1, 0, 0, 0, 2, 2, 0, 3, 25, 0, 0, 0, 0, 0, 0, 0, 0),
('navigation', 26, 3, 'comment/%/edit', 'comment/%/edit', 'Edit', 0x613a303a7b7d, 'system', -1, 0, 0, 0, 0, 2, 0, 3, 26, 0, 0, 0, 0, 0, 0, 0, 0),
('navigation', 27, 0, 'taxonomy/term/%', 'taxonomy/term/%', 'Taxonomy term', 0x613a303a7b7d, 'system', 0, 0, 0, 0, 0, 1, 0, 27, 0, 0, 0, 0, 0, 0, 0, 0, 0),
('navigation', 28, 3, 'comment/%/view', 'comment/%/view', 'View comment', 0x613a303a7b7d, 'system', -1, 0, 0, 0, -10, 2, 0, 3, 28, 0, 0, 0, 0, 0, 0, 0, 0),
('management', 29, 18, 'admin/people/create', 'admin/people/create', 'Add user', 0x613a303a7b7d, 'system', -1, 0, 0, 0, 0, 3, 0, 1, 18, 29, 0, 0, 0, 0, 0, 0, 0),
('management', 30, 21, 'admin/structure/block', 'admin/structure/block', 'Blocks', 0x613a313a7b733a31303a2261747472696275746573223b613a313a7b733a353a227469746c65223b733a37393a22436f6e666967757265207768617420626c6f636b20636f6e74656e74206170706561727320696e20796f75722073697465277320736964656261727320616e64206f7468657220726567696f6e732e223b7d7d, 'system', 0, 0, 1, 0, 0, 3, 0, 1, 21, 30, 0, 0, 0, 0, 0, 0, 0),
('navigation', 31, 17, 'user/%/cancel', 'user/%/cancel', 'Cancel account', 0x613a303a7b7d, 'system', 0, 0, 1, 0, 0, 2, 0, 17, 31, 0, 0, 0, 0, 0, 0, 0, 0),
('management', 32, 9, 'admin/content/comment', 'admin/content/comment', 'Comments', 0x613a313a7b733a31303a2261747472696275746573223b613a313a7b733a353a227469746c65223b733a35393a224c69737420616e642065646974207369746520636f6d6d656e747320616e642074686520636f6d6d656e7420617070726f76616c2071756575652e223b7d7d, 'system', 0, 0, 0, 0, 0, 3, 0, 1, 9, 32, 0, 0, 0, 0, 0, 0, 0),
('management', 33, 11, 'admin/dashboard/configure', 'admin/dashboard/configure', 'Configure available dashboard blocks', 0x613a313a7b733a31303a2261747472696275746573223b613a313a7b733a353a227469746c65223b733a35333a22436f6e66696775726520776869636820626c6f636b732063616e2062652073686f776e206f6e207468652064617368626f6172642e223b7d7d, 'system', -1, 0, 0, 0, 0, 3, 0, 1, 11, 33, 0, 0, 0, 0, 0, 0, 0),
('management', 34, 9, 'admin/content/node', 'admin/content/node', 'Content', 0x613a303a7b7d, 'system', -1, 0, 0, 0, -10, 3, 0, 1, 9, 34, 0, 0, 0, 0, 0, 0, 0),
('management', 35, 8, 'admin/config/content', 'admin/config/content', 'Content authoring', 0x613a313a7b733a31303a2261747472696275746573223b613a313a7b733a353a227469746c65223b733a35333a2253657474696e67732072656c6174656420746f20666f726d617474696e6720616e6420617574686f72696e6720636f6e74656e742e223b7d7d, 'system', 0, 0, 1, 0, -15, 3, 0, 1, 8, 35, 0, 0, 0, 0, 0, 0, 0),
('management', 36, 21, 'admin/structure/types', 'admin/structure/types', 'Content types', 0x613a313a7b733a31303a2261747472696275746573223b613a313a7b733a353a227469746c65223b733a39323a224d616e61676520636f6e74656e742074797065732c20696e636c7564696e672064656661756c74207374617475732c2066726f6e7420706167652070726f6d6f74696f6e2c20636f6d6d656e742073657474696e67732c206574632e223b7d7d, 'system', 0, 0, 1, 0, 0, 3, 0, 1, 21, 36, 0, 0, 0, 0, 0, 0, 0),
('management', 37, 11, 'admin/dashboard/customize', 'admin/dashboard/customize', 'Customize dashboard', 0x613a313a7b733a31303a2261747472696275746573223b613a313a7b733a353a227469746c65223b733a32353a22437573746f6d697a6520796f75722064617368626f6172642e223b7d7d, 'system', -1, 0, 0, 0, 0, 3, 0, 1, 11, 37, 0, 0, 0, 0, 0, 0, 0),
('navigation', 38, 5, 'node/%/delete', 'node/%/delete', 'Delete', 0x613a303a7b7d, 'system', -1, 0, 0, 0, 1, 2, 0, 5, 38, 0, 0, 0, 0, 0, 0, 0, 0),
('management', 39, 8, 'admin/config/development', 'admin/config/development', 'Development', 0x613a313a7b733a31303a2261747472696275746573223b613a313a7b733a353a227469746c65223b733a31383a22446576656c6f706d656e7420746f6f6c732e223b7d7d, 'system', 0, 0, 1, 0, -10, 3, 0, 1, 8, 39, 0, 0, 0, 0, 0, 0, 0),
('navigation', 40, 17, 'user/%/edit', 'user/%/edit', 'Edit', 0x613a303a7b7d, 'system', -1, 0, 0, 0, 0, 2, 0, 17, 40, 0, 0, 0, 0, 0, 0, 0, 0),
('navigation', 41, 5, 'node/%/edit', 'node/%/edit', 'Edit', 0x613a303a7b7d, 'system', -1, 0, 0, 0, 0, 2, 0, 5, 41, 0, 0, 0, 0, 0, 0, 0, 0),
('management', 42, 19, 'admin/reports/fields', 'admin/reports/fields', 'Field list', 0x613a313a7b733a31303a2261747472696275746573223b613a313a7b733a353a227469746c65223b733a33393a224f76657276696577206f66206669656c6473206f6e20616c6c20656e746974792074797065732e223b7d7d, 'system', 0, 0, 0, 0, 0, 3, 0, 1, 19, 42, 0, 0, 0, 0, 0, 0, 0),
('management', 43, 7, 'admin/appearance/list', 'admin/appearance/list', 'List', 0x613a313a7b733a31303a2261747472696275746573223b613a313a7b733a353a227469746c65223b733a33313a2253656c65637420616e6420636f6e66696775726520796f7572207468656d65223b7d7d, 'system', -1, 0, 0, 0, -1, 3, 0, 1, 7, 43, 0, 0, 0, 0, 0, 0, 0),
('management', 44, 16, 'admin/modules/list', 'admin/modules/list', 'List', 0x613a303a7b7d, 'system', -1, 0, 0, 0, 0, 3, 0, 1, 16, 44, 0, 0, 0, 0, 0, 0, 0),
('management', 45, 18, 'admin/people/people', 'admin/people/people', 'List', 0x613a313a7b733a31303a2261747472696275746573223b613a313a7b733a353a227469746c65223b733a35303a2246696e6420616e64206d616e6167652070656f706c6520696e746572616374696e67207769746820796f757220736974652e223b7d7d, 'system', -1, 0, 0, 0, -10, 3, 0, 1, 18, 45, 0, 0, 0, 0, 0, 0, 0),
('management', 46, 8, 'admin/config/media', 'admin/config/media', 'Media', 0x613a313a7b733a31303a2261747472696275746573223b613a313a7b733a353a227469746c65223b733a31323a224d6564696120746f6f6c732e223b7d7d, 'system', 0, 0, 1, 0, -10, 3, 0, 1, 8, 46, 0, 0, 0, 0, 0, 0, 0),
('management', 47, 21, 'admin/structure/menu', 'admin/structure/menu', 'Menus', 0x613a313a7b733a31303a2261747472696275746573223b613a313a7b733a353a227469746c65223b733a38363a22416464206e6577206d656e757320746f20796f757220736974652c2065646974206578697374696e67206d656e75732c20616e642072656e616d6520616e642072656f7267616e697a65206d656e75206c696e6b732e223b7d7d, 'system', 0, 0, 1, 0, 0, 3, 0, 1, 21, 47, 0, 0, 0, 0, 0, 0, 0),
('management', 48, 8, 'admin/config/people', 'admin/config/people', 'People', 0x613a313a7b733a31303a2261747472696275746573223b613a313a7b733a353a227469746c65223b733a32343a22436f6e6669677572652075736572206163636f756e74732e223b7d7d, 'system', 0, 0, 1, 0, -20, 3, 0, 1, 8, 48, 0, 0, 0, 0, 0, 0, 0),
('management', 49, 18, 'admin/people/permissions', 'admin/people/permissions', 'Permissions', 0x613a313a7b733a31303a2261747472696275746573223b613a313a7b733a353a227469746c65223b733a36343a2244657465726d696e652061636365737320746f2066656174757265732062792073656c656374696e67207065726d697373696f6e7320666f7220726f6c65732e223b7d7d, 'system', -1, 0, 0, 0, 0, 3, 0, 1, 18, 49, 0, 0, 0, 0, 0, 0, 0),
('management', 50, 19, 'admin/reports/dblog', 'admin/reports/dblog', 'Recent log messages', 0x613a313a7b733a31303a2261747472696275746573223b613a313a7b733a353a227469746c65223b733a34333a2256696577206576656e74732074686174206861766520726563656e746c79206265656e206c6f676765642e223b7d7d, 'system', 0, 0, 0, 0, -1, 3, 0, 1, 19, 50, 0, 0, 0, 0, 0, 0, 0),
('management', 51, 8, 'admin/config/regional', 'admin/config/regional', 'Regional and language', 0x613a313a7b733a31303a2261747472696275746573223b613a313a7b733a353a227469746c65223b733a34383a22526567696f6e616c2073657474696e67732c206c6f63616c697a6174696f6e20616e64207472616e736c6174696f6e2e223b7d7d, 'system', 0, 0, 1, 0, -5, 3, 0, 1, 8, 51, 0, 0, 0, 0, 0, 0, 0),
('navigation', 52, 5, 'node/%/revisions', 'node/%/revisions', 'Revisions', 0x613a303a7b7d, 'system', -1, 0, 1, 0, 2, 2, 0, 5, 52, 0, 0, 0, 0, 0, 0, 0, 0),
('management', 53, 8, 'admin/config/search', 'admin/config/search', 'Search and metadata', 0x613a313a7b733a31303a2261747472696275746573223b613a313a7b733a353a227469746c65223b733a33363a224c6f63616c2073697465207365617263682c206d6574616461746120616e642053454f2e223b7d7d, 'system', 0, 0, 1, 0, -10, 3, 0, 1, 8, 53, 0, 0, 0, 0, 0, 0, 0),
('management', 54, 7, 'admin/appearance/settings', 'admin/appearance/settings', 'Settings', 0x613a313a7b733a31303a2261747472696275746573223b613a313a7b733a353a227469746c65223b733a34363a22436f6e6669677572652064656661756c7420616e64207468656d652073706563696669632073657474696e67732e223b7d7d, 'system', -1, 0, 0, 0, 20, 3, 0, 1, 7, 54, 0, 0, 0, 0, 0, 0, 0),
('management', 55, 19, 'admin/reports/status', 'admin/reports/status', 'Status report', 0x613a313a7b733a31303a2261747472696275746573223b613a313a7b733a353a227469746c65223b733a37343a22476574206120737461747573207265706f72742061626f757420796f757220736974652773206f7065726174696f6e20616e6420616e792064657465637465642070726f626c656d732e223b7d7d, 'system', 0, 0, 0, 0, -60, 3, 0, 1, 19, 55, 0, 0, 0, 0, 0, 0, 0),
('management', 56, 8, 'admin/config/system', 'admin/config/system', 'System', 0x613a313a7b733a31303a2261747472696275746573223b613a313a7b733a353a227469746c65223b733a33373a2247656e6572616c2073797374656d2072656c6174656420636f6e66696775726174696f6e2e223b7d7d, 'system', 0, 0, 1, 0, -20, 3, 0, 1, 8, 56, 0, 0, 0, 0, 0, 0, 0),
('management', 57, 21, 'admin/structure/taxonomy', 'admin/structure/taxonomy', 'Taxonomy', 0x613a313a7b733a31303a2261747472696275746573223b613a313a7b733a353a227469746c65223b733a36373a224d616e6167652074616767696e672c2063617465676f72697a6174696f6e2c20616e6420636c617373696669636174696f6e206f6620796f757220636f6e74656e742e223b7d7d, 'system', 0, 0, 1, 0, 0, 3, 0, 1, 21, 57, 0, 0, 0, 0, 0, 0, 0),
('management', 58, 19, 'admin/reports/access-denied', 'admin/reports/access-denied', 'Top ''access denied'' errors', 0x613a313a7b733a31303a2261747472696275746573223b613a313a7b733a353a227469746c65223b733a33353a225669657720276163636573732064656e69656427206572726f7273202834303373292e223b7d7d, 'system', 0, 0, 0, 0, 0, 3, 0, 1, 19, 58, 0, 0, 0, 0, 0, 0, 0),
('management', 59, 19, 'admin/reports/page-not-found', 'admin/reports/page-not-found', 'Top ''page not found'' errors', 0x613a313a7b733a31303a2261747472696275746573223b613a313a7b733a353a227469746c65223b733a33363a2256696577202770616765206e6f7420666f756e6427206572726f7273202834303473292e223b7d7d, 'system', 0, 0, 0, 0, 0, 3, 0, 1, 19, 59, 0, 0, 0, 0, 0, 0, 0),
('management', 60, 16, 'admin/modules/uninstall', 'admin/modules/uninstall', 'Uninstall', 0x613a303a7b7d, 'system', -1, 0, 0, 0, 20, 3, 0, 1, 16, 60, 0, 0, 0, 0, 0, 0, 0),
('management', 61, 8, 'admin/config/user-interface', 'admin/config/user-interface', 'User interface', 0x613a313a7b733a31303a2261747472696275746573223b613a313a7b733a353a227469746c65223b733a33383a22546f6f6c73207468617420656e68616e636520746865207573657220696e746572666163652e223b7d7d, 'system', 0, 0, 1, 0, -15, 3, 0, 1, 8, 61, 0, 0, 0, 0, 0, 0, 0),
('navigation', 62, 5, 'node/%/view', 'node/%/view', 'View', 0x613a303a7b7d, 'system', -1, 0, 0, 0, -10, 2, 0, 5, 62, 0, 0, 0, 0, 0, 0, 0, 0),
('navigation', 63, 17, 'user/%/view', 'user/%/view', 'View', 0x613a303a7b7d, 'system', -1, 0, 0, 0, -10, 2, 0, 17, 63, 0, 0, 0, 0, 0, 0, 0, 0),
('management', 64, 8, 'admin/config/services', 'admin/config/services', 'Web services', 0x613a313a7b733a31303a2261747472696275746573223b613a313a7b733a353a227469746c65223b733a33303a22546f6f6c732072656c6174656420746f207765622073657276696365732e223b7d7d, 'system', 0, 0, 1, 0, 0, 3, 0, 1, 8, 64, 0, 0, 0, 0, 0, 0, 0),
('management', 65, 8, 'admin/config/workflow', 'admin/config/workflow', 'Workflow', 0x613a313a7b733a31303a2261747472696275746573223b613a313a7b733a353a227469746c65223b733a34333a22436f6e74656e7420776f726b666c6f772c20656469746f7269616c20776f726b666c6f7720746f6f6c732e223b7d7d, 'system', 0, 0, 0, 0, 5, 3, 0, 1, 8, 65, 0, 0, 0, 0, 0, 0, 0),
('management', 66, 12, 'admin/help/block', 'admin/help/block', 'block', 0x613a303a7b7d, 'system', -1, 0, 0, 0, 0, 3, 0, 1, 12, 66, 0, 0, 0, 0, 0, 0, 0),
('management', 67, 12, 'admin/help/color', 'admin/help/color', 'color', 0x613a303a7b7d, 'system', -1, 0, 0, 0, 0, 3, 0, 1, 12, 67, 0, 0, 0, 0, 0, 0, 0),
('management', 68, 12, 'admin/help/comment', 'admin/help/comment', 'comment', 0x613a303a7b7d, 'system', -1, 0, 0, 0, 0, 3, 0, 1, 12, 68, 0, 0, 0, 0, 0, 0, 0),
('management', 69, 12, 'admin/help/contextual', 'admin/help/contextual', 'contextual', 0x613a303a7b7d, 'system', -1, 0, 0, 0, 0, 3, 0, 1, 12, 69, 0, 0, 0, 0, 0, 0, 0),
('management', 70, 12, 'admin/help/dashboard', 'admin/help/dashboard', 'dashboard', 0x613a303a7b7d, 'system', -1, 0, 0, 0, 0, 3, 0, 1, 12, 70, 0, 0, 0, 0, 0, 0, 0),
('management', 71, 12, 'admin/help/dblog', 'admin/help/dblog', 'dblog', 0x613a303a7b7d, 'system', -1, 0, 0, 0, 0, 3, 0, 1, 12, 71, 0, 0, 0, 0, 0, 0, 0),
('management', 72, 12, 'admin/help/field', 'admin/help/field', 'field', 0x613a303a7b7d, 'system', -1, 0, 0, 0, 0, 3, 0, 1, 12, 72, 0, 0, 0, 0, 0, 0, 0),
('management', 73, 12, 'admin/help/field_sql_storage', 'admin/help/field_sql_storage', 'field_sql_storage', 0x613a303a7b7d, 'system', -1, 0, 0, 0, 0, 3, 0, 1, 12, 73, 0, 0, 0, 0, 0, 0, 0),
('management', 74, 12, 'admin/help/field_ui', 'admin/help/field_ui', 'field_ui', 0x613a303a7b7d, 'system', -1, 0, 0, 0, 0, 3, 0, 1, 12, 74, 0, 0, 0, 0, 0, 0, 0),
('management', 75, 12, 'admin/help/file', 'admin/help/file', 'file', 0x613a303a7b7d, 'system', -1, 0, 0, 0, 0, 3, 0, 1, 12, 75, 0, 0, 0, 0, 0, 0, 0),
('management', 76, 12, 'admin/help/filter', 'admin/help/filter', 'filter', 0x613a303a7b7d, 'system', -1, 0, 0, 0, 0, 3, 0, 1, 12, 76, 0, 0, 0, 0, 0, 0, 0),
('management', 77, 12, 'admin/help/help', 'admin/help/help', 'help', 0x613a303a7b7d, 'system', -1, 0, 0, 0, 0, 3, 0, 1, 12, 77, 0, 0, 0, 0, 0, 0, 0),
('management', 78, 12, 'admin/help/image', 'admin/help/image', 'image', 0x613a303a7b7d, 'system', -1, 0, 0, 0, 0, 3, 0, 1, 12, 78, 0, 0, 0, 0, 0, 0, 0),
('management', 79, 12, 'admin/help/list', 'admin/help/list', 'list', 0x613a303a7b7d, 'system', -1, 0, 0, 0, 0, 3, 0, 1, 12, 79, 0, 0, 0, 0, 0, 0, 0),
('management', 80, 12, 'admin/help/menu', 'admin/help/menu', 'menu', 0x613a303a7b7d, 'system', -1, 0, 0, 0, 0, 3, 0, 1, 12, 80, 0, 0, 0, 0, 0, 0, 0),
('management', 81, 12, 'admin/help/node', 'admin/help/node', 'node', 0x613a303a7b7d, 'system', -1, 0, 0, 0, 0, 3, 0, 1, 12, 81, 0, 0, 0, 0, 0, 0, 0),
('management', 82, 12, 'admin/help/options', 'admin/help/options', 'options', 0x613a303a7b7d, 'system', -1, 0, 0, 0, 0, 3, 0, 1, 12, 82, 0, 0, 0, 0, 0, 0, 0),
('management', 83, 12, 'admin/help/system', 'admin/help/system', 'system', 0x613a303a7b7d, 'system', -1, 0, 0, 0, 0, 3, 0, 1, 12, 83, 0, 0, 0, 0, 0, 0, 0),
('management', 84, 12, 'admin/help/taxonomy', 'admin/help/taxonomy', 'taxonomy', 0x613a303a7b7d, 'system', -1, 0, 0, 0, 0, 3, 0, 1, 12, 84, 0, 0, 0, 0, 0, 0, 0),
('management', 85, 12, 'admin/help/text', 'admin/help/text', 'text', 0x613a303a7b7d, 'system', -1, 0, 0, 0, 0, 3, 0, 1, 12, 85, 0, 0, 0, 0, 0, 0, 0),
('management', 86, 12, 'admin/help/user', 'admin/help/user', 'user', 0x613a303a7b7d, 'system', -1, 0, 0, 0, 0, 3, 0, 1, 12, 86, 0, 0, 0, 0, 0, 0, 0),
('navigation', 87, 27, 'taxonomy/term/%/edit', 'taxonomy/term/%/edit', 'Edit', 0x613a303a7b7d, 'system', -1, 0, 0, 0, 10, 2, 0, 27, 87, 0, 0, 0, 0, 0, 0, 0, 0),
('navigation', 88, 27, 'taxonomy/term/%/view', 'taxonomy/term/%/view', 'View', 0x613a303a7b7d, 'system', -1, 0, 0, 0, 0, 2, 0, 27, 88, 0, 0, 0, 0, 0, 0, 0, 0),
('management', 89, 48, 'admin/config/people/accounts', 'admin/config/people/accounts', 'Account settings', 0x613a313a7b733a31303a2261747472696275746573223b613a313a7b733a353a227469746c65223b733a3130393a22436f6e6669677572652064656661756c74206265686176696f72206f662075736572732c20696e636c7564696e6720726567697374726174696f6e20726571756972656d656e74732c20652d6d61696c732c206669656c64732c20616e6420757365722070696374757265732e223b7d7d, 'system', 0, 0, 0, 0, -10, 4, 0, 1, 8, 48, 89, 0, 0, 0, 0, 0, 0),
('management', 90, 56, 'admin/config/system/actions', 'admin/config/system/actions', 'Actions', 0x613a313a7b733a31303a2261747472696275746573223b613a313a7b733a353a227469746c65223b733a34313a224d616e6167652074686520616374696f6e7320646566696e656420666f7220796f757220736974652e223b7d7d, 'system', 0, 0, 1, 0, 0, 4, 0, 1, 8, 56, 90, 0, 0, 0, 0, 0, 0),
('management', 91, 30, 'admin/structure/block/add', 'admin/structure/block/add', 'Add block', 0x613a303a7b7d, 'system', -1, 0, 0, 0, 0, 4, 0, 1, 21, 30, 91, 0, 0, 0, 0, 0, 0),
('management', 92, 36, 'admin/structure/types/add', 'admin/structure/types/add', 'Add content type', 0x613a303a7b7d, 'system', -1, 0, 0, 0, 0, 4, 0, 1, 21, 36, 92, 0, 0, 0, 0, 0, 0),
('management', 93, 47, 'admin/structure/menu/add', 'admin/structure/menu/add', 'Add menu', 0x613a303a7b7d, 'system', -1, 0, 0, 0, 0, 4, 0, 1, 21, 47, 93, 0, 0, 0, 0, 0, 0),
('management', 94, 57, 'admin/structure/taxonomy/add', 'admin/structure/taxonomy/add', 'Add vocabulary', 0x613a303a7b7d, 'system', -1, 0, 0, 0, 0, 4, 0, 1, 21, 57, 94, 0, 0, 0, 0, 0, 0),
('management', 95, 54, 'admin/appearance/settings/bartik', 'admin/appearance/settings/bartik', 'Bartik', 0x613a303a7b7d, 'system', -1, 0, 0, 0, 0, 4, 0, 1, 7, 54, 95, 0, 0, 0, 0, 0, 0),
('management', 96, 53, 'admin/config/search/clean-urls', 'admin/config/search/clean-urls', 'Clean URLs', 0x613a313a7b733a31303a2261747472696275746573223b613a313a7b733a353a227469746c65223b733a34333a22456e61626c65206f722064697361626c6520636c65616e2055524c7320666f7220796f757220736974652e223b7d7d, 'system', 0, 0, 0, 0, 5, 4, 0, 1, 8, 53, 96, 0, 0, 0, 0, 0, 0),
('management', 97, 56, 'admin/config/system/cron', 'admin/config/system/cron', 'Cron', 0x613a313a7b733a31303a2261747472696275746573223b613a313a7b733a353a227469746c65223b733a34303a224d616e616765206175746f6d617469632073697465206d61696e74656e616e6365207461736b732e223b7d7d, 'system', 0, 0, 0, 0, 20, 4, 0, 1, 8, 56, 97, 0, 0, 0, 0, 0, 0),
('management', 98, 51, 'admin/config/regional/date-time', 'admin/config/regional/date-time', 'Date and time', 0x613a313a7b733a31303a2261747472696275746573223b613a313a7b733a353a227469746c65223b733a34343a22436f6e66696775726520646973706c617920666f726d61747320666f72206461746520616e642074696d652e223b7d7d, 'system', 0, 0, 0, 0, -15, 4, 0, 1, 8, 51, 98, 0, 0, 0, 0, 0, 0),
('management', 99, 19, 'admin/reports/event/%', 'admin/reports/event/%', 'Details', 0x613a303a7b7d, 'system', 0, 0, 0, 0, 0, 3, 0, 1, 19, 99, 0, 0, 0, 0, 0, 0, 0),
('management', 100, 46, 'admin/config/media/file-system', 'admin/config/media/file-system', 'File system', 0x613a313a7b733a31303a2261747472696275746573223b613a313a7b733a353a227469746c65223b733a36383a2254656c6c2044727570616c20776865726520746f2073746f72652075706c6f616465642066696c657320616e6420686f772074686579206172652061636365737365642e223b7d7d, 'system', 0, 0, 0, 0, -10, 4, 0, 1, 8, 46, 100, 0, 0, 0, 0, 0, 0),
('management', 101, 54, 'admin/appearance/settings/garland', 'admin/appearance/settings/garland', 'Garland', 0x613a303a7b7d, 'system', -1, 0, 0, 0, 0, 4, 0, 1, 7, 54, 101, 0, 0, 0, 0, 0, 0),
('management', 102, 54, 'admin/appearance/settings/global', 'admin/appearance/settings/global', 'Global settings', 0x613a303a7b7d, 'system', -1, 0, 0, 0, -1, 4, 0, 1, 7, 54, 102, 0, 0, 0, 0, 0, 0),
('management', 103, 48, 'admin/config/people/ip-blocking', 'admin/config/people/ip-blocking', 'IP address blocking', 0x613a313a7b733a31303a2261747472696275746573223b613a313a7b733a353a227469746c65223b733a32383a224d616e61676520626c6f636b6564204950206164647265737365732e223b7d7d, 'system', 0, 0, 1, 0, 10, 4, 0, 1, 8, 48, 103, 0, 0, 0, 0, 0, 0),
('management', 104, 46, 'admin/config/media/image-styles', 'admin/config/media/image-styles', 'Image styles', 0x613a313a7b733a31303a2261747472696275746573223b613a313a7b733a353a227469746c65223b733a37383a22436f6e666967757265207374796c657320746861742063616e206265207573656420666f7220726573697a696e67206f722061646a757374696e6720696d61676573206f6e20646973706c61792e223b7d7d, 'system', 0, 0, 1, 0, 0, 4, 0, 1, 8, 46, 104, 0, 0, 0, 0, 0, 0),
('management', 105, 46, 'admin/config/media/image-toolkit', 'admin/config/media/image-toolkit', 'Image toolkit', 0x613a313a7b733a31303a2261747472696275746573223b613a313a7b733a353a227469746c65223b733a37343a2243686f6f736520776869636820696d61676520746f6f6c6b697420746f2075736520696620796f75206861766520696e7374616c6c6564206f7074696f6e616c20746f6f6c6b6974732e223b7d7d, 'system', 0, 0, 0, 0, 20, 4, 0, 1, 8, 46, 105, 0, 0, 0, 0, 0, 0),
('management', 106, 36, 'admin/structure/types/list', 'admin/structure/types/list', 'List', 0x613a303a7b7d, 'system', -1, 0, 0, 0, -10, 4, 0, 1, 21, 36, 106, 0, 0, 0, 0, 0, 0),
('management', 107, 44, 'admin/modules/list/confirm', 'admin/modules/list/confirm', 'List', 0x613a303a7b7d, 'system', -1, 0, 0, 0, 0, 4, 0, 1, 16, 44, 107, 0, 0, 0, 0, 0, 0),
('management', 108, 57, 'admin/structure/taxonomy/list', 'admin/structure/taxonomy/list', 'List', 0x613a303a7b7d, 'system', -1, 0, 0, 0, -10, 4, 0, 1, 21, 57, 108, 0, 0, 0, 0, 0, 0),
('management', 109, 47, 'admin/structure/menu/list', 'admin/structure/menu/list', 'List menus', 0x613a303a7b7d, 'system', -1, 0, 0, 0, -10, 4, 0, 1, 21, 47, 109, 0, 0, 0, 0, 0, 0),
('management', 110, 39, 'admin/config/development/logging', 'admin/config/development/logging', 'Logging and errors', 0x613a313a7b733a31303a2261747472696275746573223b613a313a7b733a353a227469746c65223b733a3135343a2253657474696e677320666f72206c6f6767696e6720616e6420616c65727473206d6f64756c65732e20566172696f7573206d6f64756c65732063616e20726f7574652044727570616c27732073797374656d206576656e747320746f20646966666572656e742064657374696e6174696f6e732c2073756368206173207379736c6f672c2064617461626173652c20656d61696c2c206574632e223b7d7d, 'system', 0, 0, 0, 0, -15, 4, 0, 1, 8, 39, 110, 0, 0, 0, 0, 0, 0),
('management', 111, 39, 'admin/config/development/maintenance', 'admin/config/development/maintenance', 'Maintenance mode', 0x613a313a7b733a31303a2261747472696275746573223b613a313a7b733a353a227469746c65223b733a36323a2254616b65207468652073697465206f66666c696e6520666f72206d61696e74656e616e6365206f72206272696e67206974206261636b206f6e6c696e652e223b7d7d, 'system', 0, 0, 0, 0, -10, 4, 0, 1, 8, 39, 111, 0, 0, 0, 0, 0, 0),
('management', 112, 39, 'admin/config/development/performance', 'admin/config/development/performance', 'Performance', 0x613a313a7b733a31303a2261747472696275746573223b613a313a7b733a353a227469746c65223b733a3130313a22456e61626c65206f722064697361626c6520706167652063616368696e6720666f7220616e6f6e796d6f757320757365727320616e64207365742043535320616e64204a532062616e647769647468206f7074696d697a6174696f6e206f7074696f6e732e223b7d7d, 'system', 0, 0, 0, 0, -20, 4, 0, 1, 8, 39, 112, 0, 0, 0, 0, 0, 0),
('management', 113, 49, 'admin/people/permissions/list', 'admin/people/permissions/list', 'Permissions', 0x613a313a7b733a31303a2261747472696275746573223b613a313a7b733a353a227469746c65223b733a36343a2244657465726d696e652061636365737320746f2066656174757265732062792073656c656374696e67207065726d697373696f6e7320666f7220726f6c65732e223b7d7d, 'system', -1, 0, 0, 0, -8, 4, 0, 1, 18, 49, 113, 0, 0, 0, 0, 0, 0),
('management', 114, 32, 'admin/content/comment/new', 'admin/content/comment/new', 'Published comments', 0x613a303a7b7d, 'system', -1, 0, 0, 0, -10, 4, 0, 1, 9, 32, 114, 0, 0, 0, 0, 0, 0),
('management', 115, 64, 'admin/config/services/rss-publishing', 'admin/config/services/rss-publishing', 'RSS publishing', 0x613a313a7b733a31303a2261747472696275746573223b613a313a7b733a353a227469746c65223b733a3131343a22436f6e666967757265207468652073697465206465736372697074696f6e2c20746865206e756d626572206f66206974656d7320706572206665656420616e6420776865746865722066656564732073686f756c64206265207469746c65732f746561736572732f66756c6c2d746578742e223b7d7d, 'system', 0, 0, 0, 0, 0, 4, 0, 1, 8, 64, 115, 0, 0, 0, 0, 0, 0),
('management', 116, 51, 'admin/config/regional/settings', 'admin/config/regional/settings', 'Regional settings', 0x613a313a7b733a31303a2261747472696275746573223b613a313a7b733a353a227469746c65223b733a35343a2253657474696e677320666f7220746865207369746527732064656661756c742074696d65207a6f6e6520616e6420636f756e7472792e223b7d7d, 'system', 0, 0, 0, 0, -20, 4, 0, 1, 8, 51, 116, 0, 0, 0, 0, 0, 0),
('management', 117, 49, 'admin/people/permissions/roles', 'admin/people/permissions/roles', 'Roles', 0x613a313a7b733a31303a2261747472696275746573223b613a313a7b733a353a227469746c65223b733a33303a224c6973742c20656469742c206f7220616464207573657220726f6c65732e223b7d7d, 'system', -1, 0, 1, 0, -5, 4, 0, 1, 18, 49, 117, 0, 0, 0, 0, 0, 0),
('management', 118, 47, 'admin/structure/menu/settings', 'admin/structure/menu/settings', 'Settings', 0x613a303a7b7d, 'system', -1, 0, 0, 0, 5, 4, 0, 1, 21, 47, 118, 0, 0, 0, 0, 0, 0),
('management', 119, 54, 'admin/appearance/settings/seven', 'admin/appearance/settings/seven', 'Seven', 0x613a303a7b7d, 'system', -1, 0, 0, 0, 0, 4, 0, 1, 7, 54, 119, 0, 0, 0, 0, 0, 0),
('management', 120, 56, 'admin/config/system/site-information', 'admin/config/system/site-information', 'Site information', 0x613a313a7b733a31303a2261747472696275746573223b613a313a7b733a353a227469746c65223b733a3130343a224368616e67652073697465206e616d652c20652d6d61696c20616464726573732c20736c6f67616e2c2064656661756c742066726f6e7420706167652c20616e64206e756d626572206f6620706f7374732070657220706167652c206572726f722070616765732e223b7d7d, 'system', 0, 0, 0, 0, -20, 4, 0, 1, 8, 56, 120, 0, 0, 0, 0, 0, 0),
('management', 121, 54, 'admin/appearance/settings/stark', 'admin/appearance/settings/stark', 'Stark', 0x613a303a7b7d, 'system', -1, 0, 0, 0, 0, 4, 0, 1, 7, 54, 121, 0, 0, 0, 0, 0, 0),
('management', 122, 35, 'admin/config/content/formats', 'admin/config/content/formats', 'Text formats', 0x613a313a7b733a31303a2261747472696275746573223b613a313a7b733a353a227469746c65223b733a3132373a22436f6e66696775726520686f7720636f6e74656e7420696e7075742062792075736572732069732066696c74657265642c20696e636c7564696e6720616c6c6f7765642048544d4c20746167732e20416c736f20616c6c6f777320656e61626c696e67206f66206d6f64756c652d70726f76696465642066696c746572732e223b7d7d, 'system', 0, 0, 1, 0, 0, 4, 0, 1, 8, 35, 122, 0, 0, 0, 0, 0, 0),
('management', 123, 60, 'admin/modules/uninstall/confirm', 'admin/modules/uninstall/confirm', 'Uninstall', 0x613a303a7b7d, 'system', -1, 0, 0, 0, 0, 4, 0, 1, 16, 60, 123, 0, 0, 0, 0, 0, 0),
('management', 124, 57, 'admin/structure/taxonomy/%', 'admin/structure/taxonomy/%', '', 0x613a303a7b7d, 'system', 0, 0, 0, 0, 0, 4, 0, 1, 21, 57, 124, 0, 0, 0, 0, 0, 0),
('management', 125, 32, 'admin/content/comment/approval', 'admin/content/comment/approval', 'Unapproved comments', 0x613a303a7b7d, 'system', -1, 0, 0, 0, 0, 4, 0, 1, 9, 32, 125, 0, 0, 0, 0, 0, 0),
('navigation', 126, 40, 'user/%/edit/account', 'user/%/edit/account', 'Account', 0x613a303a7b7d, 'system', -1, 0, 0, 0, 0, 3, 0, 17, 40, 126, 0, 0, 0, 0, 0, 0, 0),
('management', 127, 122, 'admin/config/content/formats/%', 'admin/config/content/formats/%', '', 0x613a303a7b7d, 'system', 0, 0, 1, 0, 0, 5, 0, 1, 8, 35, 122, 127, 0, 0, 0, 0, 0),
('management', 128, 104, 'admin/config/media/image-styles/add', 'admin/config/media/image-styles/add', 'Add style', 0x613a313a7b733a31303a2261747472696275746573223b613a313a7b733a353a227469746c65223b733a32323a224164642061206e657720696d616765207374796c652e223b7d7d, 'system', -1, 0, 0, 0, 2, 5, 0, 1, 8, 46, 104, 128, 0, 0, 0, 0, 0),
('management', 129, 124, 'admin/structure/taxonomy/%/add', 'admin/structure/taxonomy/%/add', 'Add term', 0x613a303a7b7d, 'system', -1, 0, 0, 0, 0, 5, 0, 1, 21, 57, 124, 129, 0, 0, 0, 0, 0),
('management', 130, 122, 'admin/config/content/formats/add', 'admin/config/content/formats/add', 'Add text format', 0x613a303a7b7d, 'system', -1, 0, 0, 0, 1, 5, 0, 1, 8, 35, 122, 130, 0, 0, 0, 0, 0),
('management', 131, 30, 'admin/structure/block/list/bartik', 'admin/structure/block/list/bartik', 'Bartik', 0x613a303a7b7d, 'system', -1, 0, 0, 0, -10, 4, 0, 1, 21, 30, 131, 0, 0, 0, 0, 0, 0),
('management', 132, 90, 'admin/config/system/actions/configure', 'admin/config/system/actions/configure', 'Configure an advanced action', 0x613a303a7b7d, 'system', -1, 0, 0, 0, 0, 5, 0, 1, 8, 56, 90, 132, 0, 0, 0, 0, 0),
('management', 133, 47, 'admin/structure/menu/manage/%', 'admin/structure/menu/manage/%', 'Customize menu', 0x613a303a7b7d, 'system', 0, 0, 1, 0, 0, 4, 0, 1, 21, 47, 133, 0, 0, 0, 0, 0, 0),
('management', 134, 124, 'admin/structure/taxonomy/%/edit', 'admin/structure/taxonomy/%/edit', 'Edit', 0x613a303a7b7d, 'system', -1, 0, 0, 0, -10, 5, 0, 1, 21, 57, 124, 134, 0, 0, 0, 0, 0),
('management', 135, 36, 'admin/structure/types/manage/%', 'admin/structure/types/manage/%', 'Edit content type', 0x613a303a7b7d, 'system', 0, 0, 1, 0, 0, 4, 0, 1, 21, 36, 135, 0, 0, 0, 0, 0, 0),
('management', 136, 98, 'admin/config/regional/date-time/formats', 'admin/config/regional/date-time/formats', 'Formats', 0x613a313a7b733a31303a2261747472696275746573223b613a313a7b733a353a227469746c65223b733a35313a22436f6e66696775726520646973706c617920666f726d617420737472696e677320666f72206461746520616e642074696d652e223b7d7d, 'system', -1, 0, 1, 0, -9, 5, 0, 1, 8, 51, 98, 136, 0, 0, 0, 0, 0),
('management', 137, 30, 'admin/structure/block/list/garland', 'admin/structure/block/list/garland', 'Garland', 0x613a303a7b7d, 'system', -1, 0, 0, 0, 0, 4, 0, 1, 21, 30, 137, 0, 0, 0, 0, 0, 0),
('management', 138, 124, 'admin/structure/taxonomy/%/list', 'admin/structure/taxonomy/%/list', 'List', 0x613a303a7b7d, 'system', -1, 0, 0, 0, -20, 5, 0, 1, 21, 57, 124, 138, 0, 0, 0, 0, 0),
('management', 139, 122, 'admin/config/content/formats/list', 'admin/config/content/formats/list', 'List', 0x613a303a7b7d, 'system', -1, 0, 0, 0, 0, 5, 0, 1, 8, 35, 122, 139, 0, 0, 0, 0, 0),
('management', 140, 104, 'admin/config/media/image-styles/list', 'admin/config/media/image-styles/list', 'List', 0x613a313a7b733a31303a2261747472696275746573223b613a313a7b733a353a227469746c65223b733a34323a224c697374207468652063757272656e7420696d616765207374796c6573206f6e2074686520736974652e223b7d7d, 'system', -1, 0, 0, 0, 1, 5, 0, 1, 8, 46, 104, 140, 0, 0, 0, 0, 0),
('management', 141, 90, 'admin/config/system/actions/manage', 'admin/config/system/actions/manage', 'Manage actions', 0x613a313a7b733a31303a2261747472696275746573223b613a313a7b733a353a227469746c65223b733a34313a224d616e6167652074686520616374696f6e7320646566696e656420666f7220796f757220736974652e223b7d7d, 'system', -1, 0, 0, 0, -2, 5, 0, 1, 8, 56, 90, 141, 0, 0, 0, 0, 0),
('management', 142, 89, 'admin/config/people/accounts/settings', 'admin/config/people/accounts/settings', 'Settings', 0x613a303a7b7d, 'system', -1, 0, 0, 0, -10, 5, 0, 1, 8, 48, 89, 142, 0, 0, 0, 0, 0),
('management', 143, 30, 'admin/structure/block/list/seven', 'admin/structure/block/list/seven', 'Seven', 0x613a303a7b7d, 'system', -1, 0, 0, 0, 0, 4, 0, 1, 21, 30, 143, 0, 0, 0, 0, 0, 0),
('management', 144, 30, 'admin/structure/block/list/stark', 'admin/structure/block/list/stark', 'Stark', 0x613a303a7b7d, 'system', -1, 0, 0, 0, 0, 4, 0, 1, 21, 30, 144, 0, 0, 0, 0, 0, 0),
('management', 145, 98, 'admin/config/regional/date-time/types', 'admin/config/regional/date-time/types', 'Types', 0x613a313a7b733a31303a2261747472696275746573223b613a313a7b733a353a227469746c65223b733a34343a22436f6e66696775726520646973706c617920666f726d61747320666f72206461746520616e642074696d652e223b7d7d, 'system', -1, 0, 1, 0, -10, 5, 0, 1, 8, 51, 98, 145, 0, 0, 0, 0, 0),
('navigation', 146, 52, 'node/%/revisions/%/delete', 'node/%/revisions/%/delete', 'Delete earlier revision', 0x613a303a7b7d, 'system', 0, 0, 0, 0, 0, 3, 0, 5, 52, 146, 0, 0, 0, 0, 0, 0, 0),
('navigation', 147, 52, 'node/%/revisions/%/revert', 'node/%/revisions/%/revert', 'Revert to earlier revision', 0x613a303a7b7d, 'system', 0, 0, 0, 0, 0, 3, 0, 5, 52, 147, 0, 0, 0, 0, 0, 0, 0),
('navigation', 148, 52, 'node/%/revisions/%/view', 'node/%/revisions/%/view', 'Revisions', 0x613a303a7b7d, 'system', 0, 0, 0, 0, 0, 3, 0, 5, 52, 148, 0, 0, 0, 0, 0, 0, 0),
('management', 150, 143, 'admin/structure/block/list/seven/add', 'admin/structure/block/list/seven/add', 'Add block', 0x613a303a7b7d, 'system', -1, 0, 0, 0, 0, 5, 0, 1, 21, 30, 143, 150, 0, 0, 0, 0, 0),
('management', 151, 144, 'admin/structure/block/list/stark/add', 'admin/structure/block/list/stark/add', 'Add block', 0x613a303a7b7d, 'system', -1, 0, 0, 0, 0, 5, 0, 1, 21, 30, 144, 151, 0, 0, 0, 0, 0),
('management', 152, 145, 'admin/config/regional/date-time/types/add', 'admin/config/regional/date-time/types/add', 'Add date type', 0x613a313a7b733a31303a2261747472696275746573223b613a313a7b733a353a227469746c65223b733a31383a22416464206e6577206461746520747970652e223b7d7d, 'system', -1, 0, 0, 0, -10, 6, 0, 1, 8, 51, 98, 145, 152, 0, 0, 0, 0),
('management', 153, 136, 'admin/config/regional/date-time/formats/add', 'admin/config/regional/date-time/formats/add', 'Add format', 0x613a313a7b733a31303a2261747472696275746573223b613a313a7b733a353a227469746c65223b733a34333a22416c6c6f7720757365727320746f20616464206164646974696f6e616c206461746520666f726d6174732e223b7d7d, 'system', -1, 0, 0, 0, -10, 6, 0, 1, 8, 51, 98, 136, 153, 0, 0, 0, 0),
('management', 154, 133, 'admin/structure/menu/manage/%/add', 'admin/structure/menu/manage/%/add', 'Add link', 0x613a303a7b7d, 'system', -1, 0, 0, 0, 0, 5, 0, 1, 21, 47, 133, 154, 0, 0, 0, 0, 0),
('management', 155, 30, 'admin/structure/block/manage/%/%', 'admin/structure/block/manage/%/%', 'Configure block', 0x613a303a7b7d, 'system', 0, 0, 0, 0, 0, 4, 0, 1, 21, 30, 155, 0, 0, 0, 0, 0, 0),
('navigation', 156, 31, 'user/%/cancel/confirm/%/%', 'user/%/cancel/confirm/%/%', 'Confirm account cancellation', 0x613a303a7b7d, 'system', 0, 0, 0, 0, 0, 3, 0, 17, 31, 156, 0, 0, 0, 0, 0, 0, 0),
('management', 157, 135, 'admin/structure/types/manage/%/delete', 'admin/structure/types/manage/%/delete', 'Delete', 0x613a303a7b7d, 'system', 0, 0, 0, 0, 0, 5, 0, 1, 21, 36, 135, 157, 0, 0, 0, 0, 0),
('management', 158, 103, 'admin/config/people/ip-blocking/delete/%', 'admin/config/people/ip-blocking/delete/%', 'Delete IP address', 0x613a303a7b7d, 'system', 0, 0, 0, 0, 0, 5, 0, 1, 8, 48, 103, 158, 0, 0, 0, 0, 0),
('management', 159, 90, 'admin/config/system/actions/delete/%', 'admin/config/system/actions/delete/%', 'Delete action', 0x613a313a7b733a31303a2261747472696275746573223b613a313a7b733a353a227469746c65223b733a31373a2244656c65746520616e20616374696f6e2e223b7d7d, 'system', 0, 0, 0, 0, 0, 5, 0, 1, 8, 56, 90, 159, 0, 0, 0, 0, 0),
('management', 160, 133, 'admin/structure/menu/manage/%/delete', 'admin/structure/menu/manage/%/delete', 'Delete menu', 0x613a303a7b7d, 'system', 0, 0, 0, 0, 0, 5, 0, 1, 21, 47, 133, 160, 0, 0, 0, 0, 0),
('management', 161, 47, 'admin/structure/menu/item/%/delete', 'admin/structure/menu/item/%/delete', 'Delete menu link', 0x613a303a7b7d, 'system', 0, 0, 0, 0, 0, 4, 0, 1, 21, 47, 161, 0, 0, 0, 0, 0, 0),
('management', 162, 117, 'admin/people/permissions/roles/delete/%', 'admin/people/permissions/roles/delete/%', 'Delete role', 0x613a303a7b7d, 'system', 0, 0, 0, 0, 0, 5, 0, 1, 18, 49, 117, 162, 0, 0, 0, 0, 0),
('management', 163, 127, 'admin/config/content/formats/%/disable', 'admin/config/content/formats/%/disable', 'Disable text format', 0x613a303a7b7d, 'system', 0, 0, 0, 0, 0, 6, 0, 1, 8, 35, 122, 127, 163, 0, 0, 0, 0),
('management', 164, 135, 'admin/structure/types/manage/%/edit', 'admin/structure/types/manage/%/edit', 'Edit', 0x613a303a7b7d, 'system', -1, 0, 0, 0, 0, 5, 0, 1, 21, 36, 135, 164, 0, 0, 0, 0, 0),
('management', 165, 133, 'admin/structure/menu/manage/%/edit', 'admin/structure/menu/manage/%/edit', 'Edit menu', 0x613a303a7b7d, 'system', -1, 0, 0, 0, 0, 5, 0, 1, 21, 47, 133, 165, 0, 0, 0, 0, 0),
('management', 166, 47, 'admin/structure/menu/item/%/edit', 'admin/structure/menu/item/%/edit', 'Edit menu link', 0x613a303a7b7d, 'system', 0, 0, 0, 0, 0, 4, 0, 1, 21, 47, 166, 0, 0, 0, 0, 0, 0),
('management', 167, 117, 'admin/people/permissions/roles/edit/%', 'admin/people/permissions/roles/edit/%', 'Edit role', 0x613a303a7b7d, 'system', 0, 0, 0, 0, 0, 5, 0, 1, 18, 49, 117, 167, 0, 0, 0, 0, 0),
('management', 168, 104, 'admin/config/media/image-styles/edit/%', 'admin/config/media/image-styles/edit/%', 'Edit style', 0x613a313a7b733a31303a2261747472696275746573223b613a313a7b733a353a227469746c65223b733a32353a22436f6e66696775726520616e20696d616765207374796c652e223b7d7d, 'system', 0, 0, 1, 0, 0, 5, 0, 1, 8, 46, 104, 168, 0, 0, 0, 0, 0),
('management', 169, 133, 'admin/structure/menu/manage/%/list', 'admin/structure/menu/manage/%/list', 'List links', 0x613a303a7b7d, 'system', -1, 0, 0, 0, -10, 5, 0, 1, 21, 47, 133, 169, 0, 0, 0, 0, 0),
('management', 170, 47, 'admin/structure/menu/item/%/reset', 'admin/structure/menu/item/%/reset', 'Reset menu link', 0x613a303a7b7d, 'system', 0, 0, 0, 0, 0, 4, 0, 1, 21, 47, 170, 0, 0, 0, 0, 0, 0),
('management', 171, 104, 'admin/config/media/image-styles/delete/%', 'admin/config/media/image-styles/delete/%', 'Delete style', 0x613a313a7b733a31303a2261747472696275746573223b613a313a7b733a353a227469746c65223b733a32323a2244656c65746520616e20696d616765207374796c652e223b7d7d, 'system', 0, 0, 0, 0, 0, 5, 0, 1, 8, 46, 104, 171, 0, 0, 0, 0, 0),
('management', 172, 104, 'admin/config/media/image-styles/revert/%', 'admin/config/media/image-styles/revert/%', 'Revert style', 0x613a313a7b733a31303a2261747472696275746573223b613a313a7b733a353a227469746c65223b733a32323a2252657665727420616e20696d616765207374796c652e223b7d7d, 'system', 0, 0, 0, 0, 0, 5, 0, 1, 8, 46, 104, 172, 0, 0, 0, 0, 0),
('management', 173, 135, 'admin/structure/types/manage/%/comment/display', 'admin/structure/types/manage/%/comment/display', 'Comment display', 0x613a303a7b7d, 'system', -1, 0, 0, 0, 4, 5, 0, 1, 21, 36, 135, 173, 0, 0, 0, 0, 0),
('management', 174, 135, 'admin/structure/types/manage/%/comment/fields', 'admin/structure/types/manage/%/comment/fields', 'Comment fields', 0x613a303a7b7d, 'system', -1, 0, 1, 0, 3, 5, 0, 1, 21, 36, 135, 174, 0, 0, 0, 0, 0),
('management', 175, 155, 'admin/structure/block/manage/%/%/configure', 'admin/structure/block/manage/%/%/configure', 'Configure block', 0x613a303a7b7d, 'system', -1, 0, 0, 0, 0, 5, 0, 1, 21, 30, 155, 175, 0, 0, 0, 0, 0),
('management', 176, 155, 'admin/structure/block/manage/%/%/delete', 'admin/structure/block/manage/%/%/delete', 'Delete block', 0x613a303a7b7d, 'system', -1, 0, 0, 0, 0, 5, 0, 1, 21, 30, 155, 176, 0, 0, 0, 0, 0),
('management', 177, 136, 'admin/config/regional/date-time/formats/%/delete', 'admin/config/regional/date-time/formats/%/delete', 'Delete date format', 0x613a313a7b733a31303a2261747472696275746573223b613a313a7b733a353a227469746c65223b733a34373a22416c6c6f7720757365727320746f2064656c657465206120636f6e66696775726564206461746520666f726d61742e223b7d7d, 'system', 0, 0, 0, 0, 0, 6, 0, 1, 8, 51, 98, 136, 177, 0, 0, 0, 0),
('management', 178, 145, 'admin/config/regional/date-time/types/%/delete', 'admin/config/regional/date-time/types/%/delete', 'Delete date type', 0x613a313a7b733a31303a2261747472696275746573223b613a313a7b733a353a227469746c65223b733a34353a22416c6c6f7720757365727320746f2064656c657465206120636f6e66696775726564206461746520747970652e223b7d7d, 'system', 0, 0, 0, 0, 0, 6, 0, 1, 8, 51, 98, 145, 178, 0, 0, 0, 0),
('management', 179, 136, 'admin/config/regional/date-time/formats/%/edit', 'admin/config/regional/date-time/formats/%/edit', 'Edit date format', 0x613a313a7b733a31303a2261747472696275746573223b613a313a7b733a353a227469746c65223b733a34353a22416c6c6f7720757365727320746f2065646974206120636f6e66696775726564206461746520666f726d61742e223b7d7d, 'system', 0, 0, 0, 0, 0, 6, 0, 1, 8, 51, 98, 136, 179, 0, 0, 0, 0),
('management', 180, 168, 'admin/config/media/image-styles/edit/%/add/%', 'admin/config/media/image-styles/edit/%/add/%', 'Add image effect', 0x613a313a7b733a31303a2261747472696275746573223b613a313a7b733a353a227469746c65223b733a32383a224164642061206e65772065666665637420746f2061207374796c652e223b7d7d, 'system', 0, 0, 0, 0, 0, 6, 0, 1, 8, 46, 104, 168, 180, 0, 0, 0, 0),
('management', 181, 168, 'admin/config/media/image-styles/edit/%/effects/%', 'admin/config/media/image-styles/edit/%/effects/%', 'Edit image effect', 0x613a313a7b733a31303a2261747472696275746573223b613a313a7b733a353a227469746c65223b733a33393a224564697420616e206578697374696e67206566666563742077697468696e2061207374796c652e223b7d7d, 'system', 0, 0, 1, 0, 0, 6, 0, 1, 8, 46, 104, 168, 181, 0, 0, 0, 0),
('management', 182, 181, 'admin/config/media/image-styles/edit/%/effects/%/delete', 'admin/config/media/image-styles/edit/%/effects/%/delete', 'Delete image effect', 0x613a313a7b733a31303a2261747472696275746573223b613a313a7b733a353a227469746c65223b733a33393a2244656c65746520616e206578697374696e67206566666563742066726f6d2061207374796c652e223b7d7d, 'system', 0, 0, 0, 0, 0, 7, 0, 1, 8, 46, 104, 168, 181, 182, 0, 0, 0),
('management', 183, 47, 'admin/structure/menu/manage/main-menu', 'admin/structure/menu/manage/%', 'Main menu', 0x613a303a7b7d, 'menu', 0, 0, 0, 0, 0, 4, 0, 1, 21, 47, 183, 0, 0, 0, 0, 0, 0),
('management', 184, 47, 'admin/structure/menu/manage/management', 'admin/structure/menu/manage/%', 'Management', 0x613a303a7b7d, 'menu', 0, 0, 0, 0, 0, 4, 0, 1, 21, 47, 184, 0, 0, 0, 0, 0, 0),
('management', 185, 47, 'admin/structure/menu/manage/navigation', 'admin/structure/menu/manage/%', 'Navigation', 0x613a303a7b7d, 'menu', 0, 0, 0, 0, 0, 4, 0, 1, 21, 47, 185, 0, 0, 0, 0, 0, 0),
('management', 186, 47, 'admin/structure/menu/manage/user-menu', 'admin/structure/menu/manage/%', 'User menu', 0x613a303a7b7d, 'menu', 0, 0, 0, 0, 0, 4, 0, 1, 21, 47, 186, 0, 0, 0, 0, 0, 0),
('navigation', 187, 0, 'search', 'search', 'Search', 0x613a303a7b7d, 'system', 1, 0, 0, 0, 0, 1, 0, 187, 0, 0, 0, 0, 0, 0, 0, 0, 0),
('navigation', 188, 187, 'search/node', 'search/node', 'Content', 0x613a303a7b7d, 'system', -1, 0, 0, 0, -10, 2, 0, 187, 188, 0, 0, 0, 0, 0, 0, 0, 0),
('navigation', 189, 187, 'search/user', 'search/user', 'Users', 0x613a303a7b7d, 'system', -1, 0, 0, 0, 0, 2, 0, 187, 189, 0, 0, 0, 0, 0, 0, 0, 0),
('navigation', 190, 188, 'search/node/%', 'search/node/%', 'Content', 0x613a303a7b7d, 'system', -1, 0, 0, 0, 0, 3, 0, 187, 188, 190, 0, 0, 0, 0, 0, 0, 0),
('navigation', 191, 17, 'user/%/shortcuts', 'user/%/shortcuts', 'Shortcuts', 0x613a303a7b7d, 'system', -1, 0, 0, 0, 0, 2, 0, 17, 191, 0, 0, 0, 0, 0, 0, 0, 0),
('management', 192, 19, 'admin/reports/search', 'admin/reports/search', 'Top search phrases', 0x613a313a7b733a31303a2261747472696275746573223b613a313a7b733a353a227469746c65223b733a33333a2256696577206d6f737420706f70756c61722073656172636820706872617365732e223b7d7d, 'system', 0, 0, 0, 0, 0, 3, 0, 1, 19, 192, 0, 0, 0, 0, 0, 0, 0),
('navigation', 193, 189, 'search/user/%', 'search/user/%', 'Users', 0x613a303a7b7d, 'system', -1, 0, 0, 0, 0, 3, 0, 187, 189, 193, 0, 0, 0, 0, 0, 0, 0),
('management', 194, 12, 'admin/help/number', 'admin/help/number', 'number', 0x613a303a7b7d, 'system', -1, 0, 0, 0, 0, 3, 0, 1, 12, 194, 0, 0, 0, 0, 0, 0, 0),
('management', 195, 12, 'admin/help/overlay', 'admin/help/overlay', 'overlay', 0x613a303a7b7d, 'system', -1, 0, 0, 0, 0, 3, 0, 1, 12, 195, 0, 0, 0, 0, 0, 0, 0),
('management', 196, 12, 'admin/help/path', 'admin/help/path', 'path', 0x613a303a7b7d, 'system', -1, 0, 0, 0, 0, 3, 0, 1, 12, 196, 0, 0, 0, 0, 0, 0, 0),
('management', 197, 12, 'admin/help/rdf', 'admin/help/rdf', 'rdf', 0x613a303a7b7d, 'system', -1, 0, 0, 0, 0, 3, 0, 1, 12, 197, 0, 0, 0, 0, 0, 0, 0),
('management', 198, 12, 'admin/help/search', 'admin/help/search', 'search', 0x613a303a7b7d, 'system', -1, 0, 0, 0, 0, 3, 0, 1, 12, 198, 0, 0, 0, 0, 0, 0, 0),
('management', 199, 12, 'admin/help/shortcut', 'admin/help/shortcut', 'shortcut', 0x613a303a7b7d, 'system', -1, 0, 0, 0, 0, 3, 0, 1, 12, 199, 0, 0, 0, 0, 0, 0, 0),
('management', 200, 53, 'admin/config/search/settings', 'admin/config/search/settings', 'Search settings', 0x613a313a7b733a31303a2261747472696275746573223b613a313a7b733a353a227469746c65223b733a36373a22436f6e6669677572652072656c6576616e63652073657474696e677320666f722073656172636820616e64206f7468657220696e646578696e67206f7074696f6e732e223b7d7d, 'system', 0, 0, 0, 0, -10, 4, 0, 1, 8, 53, 200, 0, 0, 0, 0, 0, 0),
('management', 201, 61, 'admin/config/user-interface/shortcut', 'admin/config/user-interface/shortcut', 'Shortcuts', 0x613a313a7b733a31303a2261747472696275746573223b613a313a7b733a353a227469746c65223b733a32393a2241646420616e64206d6f646966792073686f727463757420736574732e223b7d7d, 'system', 0, 0, 1, 0, 0, 4, 0, 1, 8, 61, 201, 0, 0, 0, 0, 0, 0),
('management', 202, 53, 'admin/config/search/path', 'admin/config/search/path', 'URL aliases', 0x613a313a7b733a31303a2261747472696275746573223b613a313a7b733a353a227469746c65223b733a34363a224368616e676520796f7572207369746527732055524c20706174687320627920616c696173696e67207468656d2e223b7d7d, 'system', 0, 0, 1, 0, -5, 4, 0, 1, 8, 53, 202, 0, 0, 0, 0, 0, 0),
('management', 203, 202, 'admin/config/search/path/add', 'admin/config/search/path/add', 'Add alias', 0x613a303a7b7d, 'system', -1, 0, 0, 0, 0, 5, 0, 1, 8, 53, 202, 203, 0, 0, 0, 0, 0),
('management', 204, 201, 'admin/config/user-interface/shortcut/add-set', 'admin/config/user-interface/shortcut/add-set', 'Add shortcut set', 0x613a303a7b7d, 'system', -1, 0, 0, 0, 0, 5, 0, 1, 8, 61, 201, 204, 0, 0, 0, 0, 0),
('management', 205, 200, 'admin/config/search/settings/reindex', 'admin/config/search/settings/reindex', 'Clear index', 0x613a303a7b7d, 'system', -1, 0, 0, 0, 0, 5, 0, 1, 8, 53, 200, 205, 0, 0, 0, 0, 0);
INSERT INTO `menu_links` (`menu_name`, `mlid`, `plid`, `link_path`, `router_path`, `link_title`, `options`, `module`, `hidden`, `external`, `has_children`, `expanded`, `weight`, `depth`, `customized`, `p1`, `p2`, `p3`, `p4`, `p5`, `p6`, `p7`, `p8`, `p9`, `updated`) VALUES
('management', 206, 201, 'admin/config/user-interface/shortcut/%', 'admin/config/user-interface/shortcut/%', 'Edit shortcuts', 0x613a303a7b7d, 'system', 0, 0, 1, 0, 0, 5, 0, 1, 8, 61, 201, 206, 0, 0, 0, 0, 0),
('management', 207, 202, 'admin/config/search/path/list', 'admin/config/search/path/list', 'List', 0x613a303a7b7d, 'system', -1, 0, 0, 0, -10, 5, 0, 1, 8, 53, 202, 207, 0, 0, 0, 0, 0),
('management', 208, 206, 'admin/config/user-interface/shortcut/%/add-link', 'admin/config/user-interface/shortcut/%/add-link', 'Add shortcut', 0x613a303a7b7d, 'system', -1, 0, 0, 0, 0, 6, 0, 1, 8, 61, 201, 206, 208, 0, 0, 0, 0),
('management', 209, 202, 'admin/config/search/path/delete/%', 'admin/config/search/path/delete/%', 'Delete alias', 0x613a303a7b7d, 'system', 0, 0, 0, 0, 0, 5, 0, 1, 8, 53, 202, 209, 0, 0, 0, 0, 0),
('management', 210, 206, 'admin/config/user-interface/shortcut/%/delete', 'admin/config/user-interface/shortcut/%/delete', 'Delete shortcut set', 0x613a303a7b7d, 'system', 0, 0, 0, 0, 0, 6, 0, 1, 8, 61, 201, 206, 210, 0, 0, 0, 0),
('management', 211, 202, 'admin/config/search/path/edit/%', 'admin/config/search/path/edit/%', 'Edit alias', 0x613a303a7b7d, 'system', 0, 0, 0, 0, 0, 5, 0, 1, 8, 53, 202, 211, 0, 0, 0, 0, 0),
('management', 212, 206, 'admin/config/user-interface/shortcut/%/edit', 'admin/config/user-interface/shortcut/%/edit', 'Edit set name', 0x613a303a7b7d, 'system', -1, 0, 0, 0, 10, 6, 0, 1, 8, 61, 201, 206, 212, 0, 0, 0, 0),
('management', 213, 201, 'admin/config/user-interface/shortcut/link/%', 'admin/config/user-interface/shortcut/link/%', 'Edit shortcut', 0x613a303a7b7d, 'system', 0, 0, 1, 0, 0, 5, 0, 1, 8, 61, 201, 213, 0, 0, 0, 0, 0),
('management', 214, 206, 'admin/config/user-interface/shortcut/%/links', 'admin/config/user-interface/shortcut/%/links', 'List links', 0x613a303a7b7d, 'system', -1, 0, 0, 0, 0, 6, 0, 1, 8, 61, 201, 206, 214, 0, 0, 0, 0),
('management', 215, 213, 'admin/config/user-interface/shortcut/link/%/delete', 'admin/config/user-interface/shortcut/link/%/delete', 'Delete shortcut', 0x613a303a7b7d, 'system', 0, 0, 0, 0, 0, 6, 0, 1, 8, 61, 201, 213, 215, 0, 0, 0, 0),
('shortcut-set-1', 216, 0, 'node/add', 'node/add', 'Add content', 0x613a303a7b7d, 'menu', 0, 0, 0, 0, -50, 1, 0, 216, 0, 0, 0, 0, 0, 0, 0, 0, 0),
('shortcut-set-1', 217, 0, 'admin/content', 'admin/content', 'Find content', 0x613a303a7b7d, 'menu', 0, 0, 0, 0, -49, 1, 0, 217, 0, 0, 0, 0, 0, 0, 0, 0, 0),
('main-menu', 218, 0, '<front>', '', 'Home', 0x613a303a7b7d, 'menu', 0, 1, 0, 0, 0, 1, 0, 218, 0, 0, 0, 0, 0, 0, 0, 0, 0),
('navigation', 219, 6, 'node/add/article', 'node/add/article', 'Article', 0x613a313a7b733a31303a2261747472696275746573223b613a313a7b733a353a227469746c65223b733a38393a22557365203c656d3e61727469636c65733c2f656d3e20666f722074696d652d73656e73697469766520636f6e74656e74206c696b65206e6577732c2070726573732072656c6561736573206f7220626c6f6720706f7374732e223b7d7d, 'system', 0, 0, 0, 0, 0, 2, 0, 6, 219, 0, 0, 0, 0, 0, 0, 0, 0),
('navigation', 220, 6, 'node/add/page', 'node/add/page', 'Basic page', 0x613a313a7b733a31303a2261747472696275746573223b613a313a7b733a353a227469746c65223b733a37373a22557365203c656d3e62617369632070616765733c2f656d3e20666f7220796f75722073746174696320636f6e74656e742c207375636820617320616e202741626f75742075732720706167652e223b7d7d, 'system', 0, 0, 0, 0, 0, 2, 0, 6, 220, 0, 0, 0, 0, 0, 0, 0, 0),
('management', 221, 12, 'admin/help/toolbar', 'admin/help/toolbar', 'toolbar', 0x613a303a7b7d, 'system', -1, 0, 0, 0, 0, 3, 0, 1, 12, 221, 0, 0, 0, 0, 0, 0, 0),
('management', 299, 137, 'admin/structure/block/list/garland/add', 'admin/structure/block/list/garland/add', 'Add block', 0x613a303a7b7d, 'system', -1, 0, 0, 0, 0, 5, 0, 1, 21, 30, 137, 299, 0, 0, 0, 0, 0),
('management', 300, 124, 'admin/structure/taxonomy/%/display', 'admin/structure/taxonomy/%/display', 'Manage display', 0x613a303a7b7d, 'system', -1, 0, 0, 0, 2, 5, 0, 1, 21, 57, 124, 300, 0, 0, 0, 0, 0),
('management', 301, 89, 'admin/config/people/accounts/display', 'admin/config/people/accounts/display', 'Manage display', 0x613a303a7b7d, 'system', -1, 0, 0, 0, 2, 5, 0, 1, 8, 48, 89, 301, 0, 0, 0, 0, 0),
('management', 302, 124, 'admin/structure/taxonomy/%/fields', 'admin/structure/taxonomy/%/fields', 'Manage fields', 0x613a303a7b7d, 'system', -1, 0, 1, 0, 1, 5, 0, 1, 21, 57, 124, 302, 0, 0, 0, 0, 0),
('management', 303, 89, 'admin/config/people/accounts/fields', 'admin/config/people/accounts/fields', 'Manage fields', 0x613a303a7b7d, 'system', -1, 0, 1, 0, 1, 5, 0, 1, 8, 48, 89, 303, 0, 0, 0, 0, 0),
('management', 304, 300, 'admin/structure/taxonomy/%/display/default', 'admin/structure/taxonomy/%/display/default', 'Default', 0x613a303a7b7d, 'system', -1, 0, 0, 0, -10, 6, 0, 1, 21, 57, 124, 300, 304, 0, 0, 0, 0),
('management', 305, 301, 'admin/config/people/accounts/display/default', 'admin/config/people/accounts/display/default', 'Default', 0x613a303a7b7d, 'system', -1, 0, 0, 0, -10, 6, 0, 1, 8, 48, 89, 301, 305, 0, 0, 0, 0),
('management', 306, 135, 'admin/structure/types/manage/%/display', 'admin/structure/types/manage/%/display', 'Manage display', 0x613a303a7b7d, 'system', -1, 0, 0, 0, 2, 5, 0, 1, 21, 36, 135, 306, 0, 0, 0, 0, 0),
('management', 307, 135, 'admin/structure/types/manage/%/fields', 'admin/structure/types/manage/%/fields', 'Manage fields', 0x613a303a7b7d, 'system', -1, 0, 1, 0, 1, 5, 0, 1, 21, 36, 135, 307, 0, 0, 0, 0, 0),
('management', 308, 300, 'admin/structure/taxonomy/%/display/full', 'admin/structure/taxonomy/%/display/full', 'Taxonomy term page', 0x613a303a7b7d, 'system', -1, 0, 0, 0, 0, 6, 0, 1, 21, 57, 124, 300, 308, 0, 0, 0, 0),
('management', 309, 301, 'admin/config/people/accounts/display/full', 'admin/config/people/accounts/display/full', 'User account', 0x613a303a7b7d, 'system', -1, 0, 0, 0, 0, 6, 0, 1, 8, 48, 89, 301, 309, 0, 0, 0, 0),
('management', 310, 302, 'admin/structure/taxonomy/%/fields/%', 'admin/structure/taxonomy/%/fields/%', '', 0x613a303a7b7d, 'system', 0, 0, 0, 0, 0, 6, 0, 1, 21, 57, 124, 302, 310, 0, 0, 0, 0),
('management', 311, 303, 'admin/config/people/accounts/fields/%', 'admin/config/people/accounts/fields/%', '', 0x613a303a7b7d, 'system', 0, 0, 0, 0, 0, 6, 0, 1, 8, 48, 89, 303, 311, 0, 0, 0, 0),
('management', 312, 306, 'admin/structure/types/manage/%/display/default', 'admin/structure/types/manage/%/display/default', 'Default', 0x613a303a7b7d, 'system', -1, 0, 0, 0, -10, 6, 0, 1, 21, 36, 135, 306, 312, 0, 0, 0, 0),
('management', 313, 306, 'admin/structure/types/manage/%/display/full', 'admin/structure/types/manage/%/display/full', 'Full content', 0x613a303a7b7d, 'system', -1, 0, 0, 0, 0, 6, 0, 1, 21, 36, 135, 306, 313, 0, 0, 0, 0),
('management', 314, 306, 'admin/structure/types/manage/%/display/rss', 'admin/structure/types/manage/%/display/rss', 'RSS', 0x613a303a7b7d, 'system', -1, 0, 0, 0, 2, 6, 0, 1, 21, 36, 135, 306, 314, 0, 0, 0, 0),
('management', 315, 306, 'admin/structure/types/manage/%/display/search_index', 'admin/structure/types/manage/%/display/search_index', 'Search index', 0x613a303a7b7d, 'system', -1, 0, 0, 0, 3, 6, 0, 1, 21, 36, 135, 306, 315, 0, 0, 0, 0),
('management', 316, 306, 'admin/structure/types/manage/%/display/search_result', 'admin/structure/types/manage/%/display/search_result', 'Search result', 0x613a303a7b7d, 'system', -1, 0, 0, 0, 4, 6, 0, 1, 21, 36, 135, 306, 316, 0, 0, 0, 0),
('management', 317, 306, 'admin/structure/types/manage/%/display/teaser', 'admin/structure/types/manage/%/display/teaser', 'Teaser', 0x613a303a7b7d, 'system', -1, 0, 0, 0, 1, 6, 0, 1, 21, 36, 135, 306, 317, 0, 0, 0, 0),
('management', 318, 307, 'admin/structure/types/manage/%/fields/%', 'admin/structure/types/manage/%/fields/%', '', 0x613a303a7b7d, 'system', 0, 0, 0, 0, 0, 6, 0, 1, 21, 36, 135, 307, 318, 0, 0, 0, 0),
('management', 319, 310, 'admin/structure/taxonomy/%/fields/%/delete', 'admin/structure/taxonomy/%/fields/%/delete', 'Delete', 0x613a303a7b7d, 'system', -1, 0, 0, 0, 10, 7, 0, 1, 21, 57, 124, 302, 310, 319, 0, 0, 0),
('management', 320, 310, 'admin/structure/taxonomy/%/fields/%/edit', 'admin/structure/taxonomy/%/fields/%/edit', 'Edit', 0x613a303a7b7d, 'system', -1, 0, 0, 0, 0, 7, 0, 1, 21, 57, 124, 302, 310, 320, 0, 0, 0),
('management', 321, 310, 'admin/structure/taxonomy/%/fields/%/field-settings', 'admin/structure/taxonomy/%/fields/%/field-settings', 'Field settings', 0x613a303a7b7d, 'system', -1, 0, 0, 0, 0, 7, 0, 1, 21, 57, 124, 302, 310, 321, 0, 0, 0),
('management', 322, 310, 'admin/structure/taxonomy/%/fields/%/widget-type', 'admin/structure/taxonomy/%/fields/%/widget-type', 'Widget type', 0x613a303a7b7d, 'system', -1, 0, 0, 0, 0, 7, 0, 1, 21, 57, 124, 302, 310, 322, 0, 0, 0),
('management', 323, 311, 'admin/config/people/accounts/fields/%/delete', 'admin/config/people/accounts/fields/%/delete', 'Delete', 0x613a303a7b7d, 'system', -1, 0, 0, 0, 10, 7, 0, 1, 8, 48, 89, 303, 311, 323, 0, 0, 0),
('management', 324, 311, 'admin/config/people/accounts/fields/%/edit', 'admin/config/people/accounts/fields/%/edit', 'Edit', 0x613a303a7b7d, 'system', -1, 0, 0, 0, 0, 7, 0, 1, 8, 48, 89, 303, 311, 324, 0, 0, 0),
('management', 325, 311, 'admin/config/people/accounts/fields/%/field-settings', 'admin/config/people/accounts/fields/%/field-settings', 'Field settings', 0x613a303a7b7d, 'system', -1, 0, 0, 0, 0, 7, 0, 1, 8, 48, 89, 303, 311, 325, 0, 0, 0),
('management', 326, 311, 'admin/config/people/accounts/fields/%/widget-type', 'admin/config/people/accounts/fields/%/widget-type', 'Widget type', 0x613a303a7b7d, 'system', -1, 0, 0, 0, 0, 7, 0, 1, 8, 48, 89, 303, 311, 326, 0, 0, 0),
('management', 327, 173, 'admin/structure/types/manage/%/comment/display/default', 'admin/structure/types/manage/%/comment/display/default', 'Default', 0x613a303a7b7d, 'system', -1, 0, 0, 0, -10, 6, 0, 1, 21, 36, 135, 173, 327, 0, 0, 0, 0),
('management', 328, 173, 'admin/structure/types/manage/%/comment/display/full', 'admin/structure/types/manage/%/comment/display/full', 'Full comment', 0x613a303a7b7d, 'system', -1, 0, 0, 0, 0, 6, 0, 1, 21, 36, 135, 173, 328, 0, 0, 0, 0),
('management', 329, 174, 'admin/structure/types/manage/%/comment/fields/%', 'admin/structure/types/manage/%/comment/fields/%', '', 0x613a303a7b7d, 'system', 0, 0, 0, 0, 0, 6, 0, 1, 21, 36, 135, 174, 329, 0, 0, 0, 0),
('management', 330, 318, 'admin/structure/types/manage/%/fields/%/delete', 'admin/structure/types/manage/%/fields/%/delete', 'Delete', 0x613a303a7b7d, 'system', -1, 0, 0, 0, 10, 7, 0, 1, 21, 36, 135, 307, 318, 330, 0, 0, 0),
('management', 331, 318, 'admin/structure/types/manage/%/fields/%/edit', 'admin/structure/types/manage/%/fields/%/edit', 'Edit', 0x613a303a7b7d, 'system', -1, 0, 0, 0, 0, 7, 0, 1, 21, 36, 135, 307, 318, 331, 0, 0, 0),
('management', 332, 318, 'admin/structure/types/manage/%/fields/%/field-settings', 'admin/structure/types/manage/%/fields/%/field-settings', 'Field settings', 0x613a303a7b7d, 'system', -1, 0, 0, 0, 0, 7, 0, 1, 21, 36, 135, 307, 318, 332, 0, 0, 0),
('management', 333, 318, 'admin/structure/types/manage/%/fields/%/widget-type', 'admin/structure/types/manage/%/fields/%/widget-type', 'Widget type', 0x613a303a7b7d, 'system', -1, 0, 0, 0, 0, 7, 0, 1, 21, 36, 135, 307, 318, 333, 0, 0, 0),
('management', 334, 329, 'admin/structure/types/manage/%/comment/fields/%/delete', 'admin/structure/types/manage/%/comment/fields/%/delete', 'Delete', 0x613a303a7b7d, 'system', -1, 0, 0, 0, 10, 7, 0, 1, 21, 36, 135, 174, 329, 334, 0, 0, 0),
('management', 335, 329, 'admin/structure/types/manage/%/comment/fields/%/edit', 'admin/structure/types/manage/%/comment/fields/%/edit', 'Edit', 0x613a303a7b7d, 'system', -1, 0, 0, 0, 0, 7, 0, 1, 21, 36, 135, 174, 329, 335, 0, 0, 0),
('management', 336, 329, 'admin/structure/types/manage/%/comment/fields/%/field-settings', 'admin/structure/types/manage/%/comment/fields/%/field-settings', 'Field settings', 0x613a303a7b7d, 'system', -1, 0, 0, 0, 0, 7, 0, 1, 21, 36, 135, 174, 329, 336, 0, 0, 0),
('management', 337, 329, 'admin/structure/types/manage/%/comment/fields/%/widget-type', 'admin/structure/types/manage/%/comment/fields/%/widget-type', 'Widget type', 0x613a303a7b7d, 'system', -1, 0, 0, 0, 0, 7, 0, 1, 21, 36, 135, 174, 329, 337, 0, 0, 0),
('management', 339, 12, 'admin/help/wysiwyg', 'admin/help/wysiwyg', 'wysiwyg', 0x613a303a7b7d, 'system', -1, 0, 0, 0, 0, 3, 0, 1, 12, 339, 0, 0, 0, 0, 0, 0, 0),
('management', 340, 35, 'admin/config/content/wysiwyg', 'admin/config/content/wysiwyg', 'Wysiwyg profiles', 0x613a313a7b733a31303a2261747472696275746573223b613a313a7b733a353a227469746c65223b733a33303a22436f6e66696775726520636c69656e742d7369646520656469746f72732e223b7d7d, 'system', 0, 0, 0, 0, 0, 4, 0, 1, 8, 35, 340, 0, 0, 0, 0, 0, 0),
('management', 341, 340, 'admin/config/content/wysiwyg/profile', 'admin/config/content/wysiwyg/profile', 'List', 0x613a303a7b7d, 'system', -1, 0, 0, 0, 0, 5, 0, 1, 8, 35, 340, 341, 0, 0, 0, 0, 0),
('management', 342, 341, 'admin/config/content/wysiwyg/profile/%/edit', 'admin/config/content/wysiwyg/profile/%/edit', 'Edit', 0x613a303a7b7d, 'system', -1, 0, 0, 0, 0, 6, 0, 1, 8, 35, 340, 341, 342, 0, 0, 0, 0),
('management', 343, 341, 'admin/config/content/wysiwyg/profile/%/delete', 'admin/config/content/wysiwyg/profile/%/delete', 'Remove', 0x613a303a7b7d, 'system', -1, 0, 0, 0, 10, 6, 0, 1, 8, 35, 340, 341, 343, 0, 0, 0, 0);

-- --------------------------------------------------------

--
